{"id":919,"date":"2019-02-01T02:50:33","date_gmt":"2019-02-01T01:50:33","guid":{"rendered":"https:\/\/tamas-radelei.de\/?page_id=919"},"modified":"2019-02-15T23:05:26","modified_gmt":"2019-02-15T22:05:26","slug":"hundeanhaenger","status":"publish","type":"page","link":"https:\/\/www.niva-stammtisch.de\/?page_id=919","title":{"rendered":"Hundeanh\u00e4nger"},"content":{"rendered":"\n<h3 class=\"wp-block-heading\"><strong>Hund auf l\u00e4ngeren (Tages-)Reisen<\/strong><\/h3>\n\n\n\n<p>Wenn denn das Laufen am Radel so gut klappt und der Hund sogar gerne mitl\u00e4uft, kommt man vielleicht auf die Idee, seinen Hund auch auf l\u00e4ngeren Tagestouren oder gar Mehrtagestouren mitzunehmen. Warum auch nicht? Jedoch muss man schauen, wie sehr der Hund (individuell und rasse-\/mixspezifisch) belastbar ist, also wie weit er problemlos am St\u00fcck laufen kann und wie die Bodenbeschaffenheit auf der Strecke (Apshalt, Feld-\/Wiesenwege, Wald, Rollsplit) ist.<\/p>\n\n\n\n<p>Jedoch (wenn man nicht gerade z.B. einen Husky oder ausdauernden H\u00fctehund hat) wird es etwas schwieriger, wenn die Etappen \u00fcber die (gesch\u00e4tzt) 20 Kilometer hinaus gehen. Da braucht ein Hund zwischendurch auch so seine Pausen, um sich zu erholen \/ auszuruhen bzw. je nach Untergrund auch die Pfoten nicht wund zu laufen oder \u00e4hnliches. Da eine regelrechte Pause vor Ort dann aus Zeit- und Wegstreckengr\u00fcnden &#8211; gerade bei langen (Mehrtages-)Etappen &#8211; eher ung\u00fcnstig ist, muss eine Transportl\u00f6sung f\u00fcr den Hund her! Bei kleinen Hunden mag ein Lenker-\/Gep\u00e4cktr\u00e4gerkorb oder gar der Rucksack oder die Fahrradtasche reichen. Ein  BOB YAK \/ IBEX oder \u00e4hnliche geht sicher auch \ud83d\ude09 Bei mittelgro\u00dfen bis gro\u00dfen Hunden wird dies schon problematischer. Da tut sich schnell die Frage nach einem Hundeanh\u00e4nger \u00e4hnlich den Kinderanh\u00e4ngern f\u00fcrs Fahrrad auf!<\/p>\n\n\n\n<p>So ging es einem Bekannten von mir, der f\u00fcr seine betagte Goldieh\u00fcndin bzw. f\u00fcr den evtl. zuk\u00fcnftigen Nachfolgerhund (wieder ein Goldie) nach einem Anh\u00e4nger suchte und mich um Hilfe bat. Somit verbrachten wir gemeinsam 6 bis 8 Stunden im Internet zwecks Recherche, um den idealen Anh\u00e4nger f\u00fcr einen eher gr\u00f6\u00dferen Hund (in dem Falle Golden Retriever) zu finden.<br>Doch es gab gewisse Anforderungen, die das Vehikel letztlich erf\u00fcllen sollte:<\/p>\n\n\n\n<ul class=\"wp-block-list\"><li>Platz (Abmessungen), dass sich der Hund einigerma\u00dfen gestreckt oder leicht &#8222;gerollt&#8220; hinlegen kann, um sich wirklich zu erholen.\n<\/li><li>Stabile Seitenw\u00e4nde, um ein Ansto\u00dfen \/ Reiben mit den R\u00e4dern zu vermeiden.\n<\/li><li>Ausreichend hohe Traglast.\n<\/li><li>Bissl Komfort f\u00fcr den Hund darf auch nicht fehlen.\n<\/li><\/ul>\n\n\n\n<p>Der Markt bietet zahlreiche Anh\u00e4nger an, so ist es ja nicht. Aber die Beispielfotos (meistens bei gro\u00dfen Hunden, die dann nur im Anh\u00e4nger sa\u00dfen und den Kopf aus der Dachluke streckten) oder Angaben wie &#8222;f\u00fcr Hunde bis 40 kg&#8220; waren letztlich nicht so recht \u00fcberzeugend. Selbst Bewertungen in Onlineh\u00e4usern waren teils nicht aussagekr\u00e4ftig! Einige Modelle boten keine stabilen Seitenw\u00e4nde. Bei vielen war die Zuladung letztlich auf effektiv grob 35 kg begrenzt plus dem relativ hohen Eigengewicht um die 14 kg. Einige Bewertungen beschrieben auch die m\u00f6gliche Kippgefahr in Kurven. Dies alles \u00fcberzeugte uns nicht so wirklich, sollte der Hundeanh\u00e4nger doch wirklich was taugen und auch eine Weile halten! <\/p>\n\n\n\n<p>Letztlich kamen wir zur Erkenntnis, es kann nur einen &#8211; den einen &#8211; geben! Es ist der <strong><em><a href=\"https:\/\/www.animalshopping.de\/comfort-wagon-l-fahrradanhaenger-fuer-hunde-340\" target=\"_blank\" rel=\"noreferrer noopener\" aria-label=\" (\u00f6ffnet in neuem Tab)\">Petego Comfort Wagon L<\/a><\/em><\/strong>. Die Kaufargumente sind n\u00e4mlich folgende: <\/p>\n\n\n\n<ul class=\"wp-block-list\"><li>Eigengewicht von nur 12,5 kg<\/li><li>eine tats\u00e4chliche Zuladung von 70 kg<\/li><li>Liegefl\u00e4che \/ Innenma\u00dfe von satten 90 cm L\u00e4nge und 70 cm Breite<\/li><li>doppelte Deichselverbindung zum Rahmen gegen Kippen<\/li><li>auf das Hundegewicht einstellbare Federung<\/li><li>Seitenw\u00e4nde durch zus\u00e4tzlich angebrachte Schutzstange in Radh\u00f6he stabilisiert<\/li><li>zusammenklappbar<\/li><\/ul>\n\n\n\n<p>Dieser ist hier eher selten anzutreffen und auch eher ein Exot, da dieser nur von einem <a rel=\"noreferrer noopener\" href=\"https:\/\/www.animalshopping.de\/comfort-wagon-l-fahrradanhaenger-fuer-hunde-340\" target=\"_blank\">Anbieter<\/a> hier in Deutschland vertrieben wird. Der Preis von rund 400 \u20ac (350 \u20ac f\u00fcr den M, Stand Januar 2019) schreckt sicher auch einige Interessenten ab. Doch wenn ich bedenke, dass mein BOB YAK (ohne Tasche) auch gute 400 \u20ac und mehr kostet, dabei aber nur die halbe Ladefl\u00e4che und grob die halbe Traglast aufweist und keine &#8222;\u00dcberdachung&#8220;, ist der Petego fast schon ein Sch\u00e4ppchen. Die einzige Alternative zwecks Gr\u00f6\u00dfe w\u00e4re noch der &#8222;<a rel=\"noreferrer noopener\" aria-label=\"hinterher Hxxxl (\u00f6ffnet in neuem Tab)\" href=\"https:\/\/www.hinterher.com\/galerie\/anhaengermodelle.php\" target=\"_blank\">hinterher Hxxxl<\/a>&#8220; mit aber runden 950 \u20ac UVP! <\/p>\n","protected":false},"excerpt":{"rendered":"<p>Hund auf l\u00e4ngeren (Tages-)Reisen Wenn denn das Laufen am Radel so gut klappt und der Hund sogar gerne mitl\u00e4uft, kommt man vielleicht auf die Idee, seinen Hund auch auf l\u00e4ngeren Tagestouren oder gar Mehrtagestouren mitzunehmen. Warum auch nicht? Jedoch muss man schauen, wie sehr der Hund (individuell und rasse-\/mixspezifisch) belastbar ist, also wie weit er &hellip; <\/p>\n<p class=\"link-more\"><a href=\"https:\/\/www.niva-stammtisch.de\/?page_id=919\" class=\"more-link\"><span class=\"screen-reader-text\">\u201eHundeanh\u00e4nger\u201c <\/span>weiterlesen<\/a><\/p>\n","protected":false},"author":1,"featured_media":0,"parent":902,"menu_order":27,"comment_status":"closed","ping_status":"closed","template":"","meta":{"footnotes":""},"class_list":["post-919","page","type-page","status-publish","hentry"],"_links":{"self":[{"href":"https:\/\/www.niva-stammtisch.de\/index.php?rest_route=\/wp\/v2\/pages\/919","targetHints":{"allow":["GET"]}}],"collection":[{"href":"https:\/\/www.niva-stammtisch.de\/index.php?rest_route=\/wp\/v2\/pages"}],"about":[{"href":"https:\/\/www.niva-stammtisch.de\/index.php?rest_route=\/wp\/v2\/types\/page"}],"author":[{"embeddable":true,"href":"https:\/\/www.niva-stammtisch.de\/index.php?rest_route=\/wp\/v2\/users\/1"}],"replies":[{"embeddable":true,"href":"https:\/\/www.niva-stammtisch.de\/index.php?rest_route=%2Fwp%2Fv2%2Fcomments&post=919"}],"version-history":[{"count":4,"href":"https:\/\/www.niva-stammtisch.de\/index.php?rest_route=\/wp\/v2\/pages\/919\/revisions"}],"predecessor-version":[{"id":3564,"href":"https:\/\/www.niva-stammtisch.de\/index.php?rest_route=\/wp\/v2\/pages\/919\/revisions\/3564"}],"up":[{"embeddable":true,"href":"https:\/\/www.niva-stammtisch.de\/index.php?rest_route=\/wp\/v2\/pages\/902"}],"wp:attachment":[{"href":"https:\/\/www.niva-stammtisch.de\/index.php?rest_route=%2Fwp%2Fv2%2Fmedia&parent=919"}],"curies":[{"name":"wp","href":"https:\/\/api.w.org\/{rel}","templated":true}]}}