{"id":780,"date":"2018-12-26T17:25:58","date_gmt":"2018-12-26T16:25:58","guid":{"rendered":"https:\/\/tamas-radelei.de\/?page_id=780"},"modified":"2019-03-16T21:17:17","modified_gmt":"2019-03-16T20:17:17","slug":"lauf-kultour-2015-und-2016","status":"publish","type":"page","link":"https:\/\/www.niva-stammtisch.de\/?page_id=780","title":{"rendered":"Lauf-KulTour 2015 und 2016"},"content":{"rendered":"\n<div class=\"wp-block-image\"><figure class=\"aligncenter\"><a href=\"https:\/\/www.lauf-kultour.de\" target=\"_blank\" rel=\"noreferrer noopener\"><img loading=\"lazy\" decoding=\"async\" width=\"407\" height=\"543\" src=\"https:\/\/tamas-radelei.de\/wp-content\/uploads\/2018\/12\/Lauf-Kultour-Karte-2016.png\" alt=\"\" class=\"wp-image-783\" srcset=\"https:\/\/www.niva-stammtisch.de\/wp-content\/uploads\/2018\/12\/Lauf-Kultour-Karte-2016.png 407w, https:\/\/www.niva-stammtisch.de\/wp-content\/uploads\/2018\/12\/Lauf-Kultour-Karte-2016-225x300.png 225w\" sizes=\"auto, (max-width: 407px) 100vw, 407px\" \/><\/a><figcaption>Streckenverlauf des 10. Staffellaufes im Jahre 2016.<\/figcaption><\/figure><\/div>\n\n\n\n<p>Per Zufall kam ich 2015 \u00fcber einen Bekannten zu dem studentischen Laufverein &#8222;Lauf-KulTour e.V.&#8220;, nat\u00fcrlich nicht, um vom Radeln aufs Laufen umzusatteln, da ist mir mein &#8222;Bauch&#8220; doch heilig \ud83d\ude09<br>Da mein Bekannter auch ein begeisterter Radler ist und bereits l\u00e4nger beim Lauf-KulTour e.V. aktiv ist, sprach er mich im Sommer 2015 an und fragte, ob ich nicht Zeit und Lust h\u00e4tte, als Radbegleiter bei einem Deutschland-staffellauf (4000 km m\u00f6glichst an der deutschen Grenze entlang) mitzumachen, denn es wurden noch einige Radbegleiter gesucht. Nach kurzer Beschreibung des Events und nach reifer \u00dcberlegung sagte ich zu. <br>Aufgrund der positiven Erfahrungen und Erlebnisse in 2015 fuhr ich 2016 gleich nochmals mit. Diesmal war ich aufgrund der ersten Radtour &#8222;<a href=\"https:\/\/niva-stammtisch.de\/?page_id=538\">Passau &#8211; Ruzsa 2016<\/a>&#8220; noch besser im Training &#8211; immerhin spulte ich in grob 8 Wochen gute 1800 km auf dem Fahrrad ab.<br>Auch positiv zu erw\u00e4hnen ist, dass immer f\u00fcr einen caritativen \/ sozialen Zweck gelaufen und Spenden gesammelt wurden.<\/p>\n\n\n\n<p>Die genauen Beschreibungen und Details sowie Streckenverl\u00e4ufe sind unter den hier bzw. im Men\u00fc aufgef\u00fchrten Links (es wird zur Webseite des Lauf-Kultour e.V. weitergeleitet) zu finden:<\/p>\n\n\n\n<ul class=\"wp-block-list\"><li><a rel=\"noreferrer noopener\" aria-label=\" (\u00f6ffnet in neuem Tab)\" href=\"https:\/\/www.lauf-kultour.de\/projekte\/lauf-kultour-2015\/\" target=\"_blank\">Lauf-KulTour 2015<\/a><\/li><li><a href=\"https:\/\/www.lauf-kultour.de\/projekte\/lauf-kultour-2016\/\" target=\"_blank\" rel=\"noreferrer noopener\" aria-label=\" (\u00f6ffnet in neuem Tab)\">Lauf-KulTour 2016<\/a><\/li><\/ul>\n","protected":false},"excerpt":{"rendered":"<p>Per Zufall kam ich 2015 \u00fcber einen Bekannten zu dem studentischen Laufverein &#8222;Lauf-KulTour e.V.&#8220;, nat\u00fcrlich nicht, um vom Radeln aufs Laufen umzusatteln, da ist mir mein &#8222;Bauch&#8220; doch heilig \ud83d\ude09Da mein Bekannter auch ein begeisterter Radler ist und bereits l\u00e4nger beim Lauf-KulTour e.V. aktiv ist, sprach er mich im Sommer 2015 an und fragte, ob &hellip; <\/p>\n<p class=\"link-more\"><a href=\"https:\/\/www.niva-stammtisch.de\/?page_id=780\" class=\"more-link\"><span class=\"screen-reader-text\">\u201eLauf-KulTour 2015 und 2016\u201c <\/span>weiterlesen<\/a><\/p>\n","protected":false},"author":1,"featured_media":0,"parent":722,"menu_order":24,"comment_status":"closed","ping_status":"closed","template":"","meta":{"footnotes":""},"class_list":["post-780","page","type-page","status-publish","hentry"],"_links":{"self":[{"href":"https:\/\/www.niva-stammtisch.de\/index.php?rest_route=\/wp\/v2\/pages\/780","targetHints":{"allow":["GET"]}}],"collection":[{"href":"https:\/\/www.niva-stammtisch.de\/index.php?rest_route=\/wp\/v2\/pages"}],"about":[{"href":"https:\/\/www.niva-stammtisch.de\/index.php?rest_route=\/wp\/v2\/types\/page"}],"author":[{"embeddable":true,"href":"https:\/\/www.niva-stammtisch.de\/index.php?rest_route=\/wp\/v2\/users\/1"}],"replies":[{"embeddable":true,"href":"https:\/\/www.niva-stammtisch.de\/index.php?rest_route=%2Fwp%2Fv2%2Fcomments&post=780"}],"version-history":[{"count":10,"href":"https:\/\/www.niva-stammtisch.de\/index.php?rest_route=\/wp\/v2\/pages\/780\/revisions"}],"predecessor-version":[{"id":4649,"href":"https:\/\/www.niva-stammtisch.de\/index.php?rest_route=\/wp\/v2\/pages\/780\/revisions\/4649"}],"up":[{"embeddable":true,"href":"https:\/\/www.niva-stammtisch.de\/index.php?rest_route=\/wp\/v2\/pages\/722"}],"wp:attachment":[{"href":"https:\/\/www.niva-stammtisch.de\/index.php?rest_route=%2Fwp%2Fv2%2Fmedia&parent=780"}],"curies":[{"name":"wp","href":"https:\/\/api.w.org\/{rel}","templated":true}]}}

<div class="wp-block-image"><figure class="aligncenter"><a href="https://www.lauf-kultour.de" target="_blank" rel="noreferrer noopener"><img loading="lazy" decoding="async" width="407" height="543" src="https://tamas-radelei.de/wp-content/uploads/2018/12/Lauf-Kultour-Karte-2016.png" alt="" class="wp-image-783" srcset="https://www.niva-stammtisch.de/wp-content/uploads/2018/12/Lauf-Kultour-Karte-2016.png 407w, https://www.niva-stammtisch.de/wp-content/uploads/2018/12/Lauf-Kultour-Karte-2016-225x300.png 225w" sizes="auto, (max-width: 407px) 100vw, 407px" /></a><figcaption>Streckenverlauf des 10. Staffellaufes im Jahre 2016.</figcaption></figure></div>



<p>Per Zufall kam ich 2015 über einen Bekannten zu dem studentischen Laufverein &#8222;Lauf-KulTour e.V.&#8220;, natürlich nicht, um vom Radeln aufs Laufen umzusatteln, da ist mir mein &#8222;Bauch&#8220; doch heilig 😉<br>Da mein Bekannter auch ein begeisterter Radler ist und bereits länger beim Lauf-KulTour e.V. aktiv ist, sprach er mich im Sommer 2015 an und fragte, ob ich nicht Zeit und Lust hätte, als Radbegleiter bei einem Deutschland-staffellauf (4000 km möglichst an der deutschen Grenze entlang) mitzumachen, denn es wurden noch einige Radbegleiter gesucht. Nach kurzer Beschreibung des Events und nach reifer Überlegung sagte ich zu. <br>Aufgrund der positiven Erfahrungen und Erlebnisse in 2015 fuhr ich 2016 gleich nochmals mit. Diesmal war ich aufgrund der ersten Radtour &#8222;<a href="https://niva-stammtisch.de/?page_id=538">Passau &#8211; Ruzsa 2016</a>&#8220; noch besser im Training &#8211; immerhin spulte ich in grob 8 Wochen gute 1800 km auf dem Fahrrad ab.<br>Auch positiv zu erwähnen ist, dass immer für einen caritativen / sozialen Zweck gelaufen und Spenden gesammelt wurden.</p>



<p>Die genauen Beschreibungen und Details sowie Streckenverläufe sind unter den hier bzw. im Menü aufgeführten Links (es wird zur Webseite des Lauf-Kultour e.V. weitergeleitet) zu finden:</p>



<ul class="wp-block-list"><li><a rel="noreferrer noopener" aria-label=" (öffnet in neuem Tab)" href="https://www.lauf-kultour.de/projekte/lauf-kultour-2015/" target="_blank">Lauf-KulTour 2015</a></li><li><a href="https://www.lauf-kultour.de/projekte/lauf-kultour-2016/" target="_blank" rel="noreferrer noopener" aria-label=" (öffnet in neuem Tab)">Lauf-KulTour 2016</a></li></ul>

<p>Per Zufall kam ich 2015 über einen Bekannten zu dem studentischen Laufverein &#8222;Lauf-KulTour e.V.&#8220;, natürlich nicht, um vom Radeln aufs Laufen umzusatteln, da ist mir mein &#8222;Bauch&#8220; doch heilig 😉Da mein Bekannter auch ein begeisterter Radler ist und bereits länger beim Lauf-KulTour e.V. aktiv ist, sprach er mich im Sommer 2015 an und fragte, ob &hellip; </p>
<p class="link-more"><a href="https://www.niva-stammtisch.de/?page_id=780" class="more-link"><span class="screen-reader-text">„Lauf-KulTour 2015 und 2016“ </span>weiterlesen</a></p>
