{"id":5667,"date":"2023-02-08T23:17:54","date_gmt":"2023-02-08T22:17:54","guid":{"rendered":"https:\/\/www.niva-stammtisch.de\/?page_id=5667"},"modified":"2023-05-02T14:48:10","modified_gmt":"2023-05-02T12:48:10","slug":"lnt-tour-2022-tag-05","status":"publish","type":"page","link":"https:\/\/www.niva-stammtisch.de\/?page_id=5667","title":{"rendered":"LNT-Tour 2022 &#8211; Tag 05"},"content":{"rendered":"\n<p><a href=\"https:\/\/www.niva-stammtisch.de\/?page_id=5567\" data-type=\"page\" data-id=\"5567\">Einleitung <\/a>| <a href=\"https:\/\/www.niva-stammtisch.de\/?page_id=5657\" data-type=\"page\" data-id=\"5657\">Tag 01<\/a> | <a href=\"https:\/\/www.niva-stammtisch.de\/?page_id=5659\" data-type=\"page\" data-id=\"5659\">Tag 02<\/a> | <a href=\"https:\/\/www.niva-stammtisch.de\/?page_id=5663\" data-type=\"page\" data-id=\"5663\">Tag 03<\/a> | <a href=\"https:\/\/www.niva-stammtisch.de\/?page_id=5665\" data-type=\"page\" data-id=\"5665\">Tag 04<\/a> | <strong><em>Tag 05<\/em><\/strong> | <a href=\"https:\/\/www.niva-stammtisch.de\/?page_id=5669\" data-type=\"page\" data-id=\"5669\">Tag 06<\/a> | <a href=\"https:\/\/www.niva-stammtisch.de\/?page_id=5671\" data-type=\"page\" data-id=\"5671\">Tag 07-08<\/a> | <a href=\"https:\/\/www.niva-stammtisch.de\/?page_id=5673\" data-type=\"page\" data-id=\"5673\">Tag 09<\/a> | <a href=\"https:\/\/www.niva-stammtisch.de\/?page_id=5675\" data-type=\"page\" data-id=\"5675\">Tag 10<\/a> | <a href=\"https:\/\/www.niva-stammtisch.de\/?page_id=5677\" data-type=\"page\" data-id=\"5677\">Tag 11<\/a> | <a href=\"https:\/\/www.niva-stammtisch.de\/?page_id=5679\" data-type=\"page\" data-id=\"5679\">Tag 12<\/a> | <a href=\"https:\/\/www.niva-stammtisch.de\/?page_id=5681\" data-type=\"page\" data-id=\"5681\">Tag 13<\/a><\/p>\n\n\n\n<iframe loading=\"lazy\" src=\"https:\/\/www.komoot.de\/tour\/1050725734\/embed?profile=1\" width=\"100%\" height=\"700\" frameborder=\"0\" scrolling=\"no\"><\/iframe>\n\n\n\n<p>Neuer Tag und hoffentlich neues Gl\u00fcck beim Radeln &#8211; so erhoffte ich es mir gleich am Morgen, der leider deutlich eingegraut war am Himmel und es noch arg frisch temperierte. Trotzdem zackig alles zusammen gepackt und auch fein meine Campinggeb\u00fchren bezahlt, denn Mittwoch ist ja kein Ruhetag \ud83d\ude42 Mit dem zus\u00e4tzlich auf der Tasche gespanntem Paket ging es dann behutsam wieder rauf ins Zentrum von Wernigerode. Erneut vorbei am Tiergarten, sp\u00e4ter zuf\u00e4llig an der Sternwarte ab zur mir bekannten Tankstelle &#8211; Paket abgeben und Fr\u00fchst\u00fcck in Form von Schnitzelbr\u00f6tchen besorgen, welches dann noch auf einer nahegelegenen Bank verputzt wurde. <\/p>\n\n\n\n<p>So, genug Zeit vertr\u00f6delt gehabt &#8211; es tendierte schlie\u00dflich fast schon gegen Mittag, ehe man von Wernigerode weg kam. Auch hier gestaltete es sich etwas schwierig ohne die Navigation vor Augen zu haben. Aber man hat eine gute Orientierungsgabe und mit dem Radel l\u00e4sst es sich auch schneller mal anhalten und umdrehen.<\/p>\n\n\n\n<p>Im leichten rauf und runter ging es erstmal nach Ilsenburg. Auch ein sch\u00f6nes beschauliches \u00d6rtchen. Sch\u00f6n angelegte Teichanlage &#8211; nur keine Zeit gehabt zum Genie\u00dfen. In Stapelburg war es nach einer kleinen &#8222;Ehrenrunde&#8220; soweit. Ich wechselte von Ostdeutschland nach Westdeutschland \ud83d\ude09 Infotafeln veranschaulichen sehr sch\u00f6n den damaligen deutsch-deutschen Grenzbergang. Selbst f\u00fcr mich ist es eine intensive Erfahrung. Ich war auch schon vorher nach Westdeutschland gefahren, aber mit dem Fahrrad nimmt man soetwas viel bewusster war als wenn man einfach nur mit dem Auto vorbei oder durch f\u00e4hrt.<\/p>\n\n\n\n<p>Aber sofort merkt man, dass es erstmal wieder ordentlich asphaltierte Radwege gibt oder wohl geben wird. Der Schimmerwald-Radweg machte es vor. Mit einem Abzweig nach rechts gings auf k\u00fcrzerem und ruhigerem Wege nach Westerode. Weitere kleinere Ortschaften folgten. In Oker war der Weg am Okerufer sehr sch\u00f6n, nur leider zu kurz gewesen. Danach gings wieder parallel zur Stra\u00dfe so langsam aber sicher und schleichend bergauf nach Goslar. Auch hier entschied ich mich, st\u00fcckweise das Radel zu schieben. Man kann dabei etwas regenerieren und wenn F\u00fc\u00dfe und H\u00e4nde eingeschlafen oder kalt sind, erholt sich dies auch dar\u00fcber sehr gut, so meine Erfahrungen. In Goslar gibt es sicher einiges zu sehen. Ich kam nur am &#8222;Breiten Tor&#8220; &#8211; einem Stadttor vorbei, was zumindest optisch einen burg\u00e4hnlichen Charakter aufweist. <\/p>\n\n\n\n<p>Leider entwickelt man auf solchen mehrt\u00e4gigen Touren auch als geb\u00fcrtiger St\u00e4dter eine Vorliebe f\u00fcr das Ruhige \/ wenig Leute usw. Dadurch war auch ich hier wieder froh, aus Goslar rauszuskommen, weg von den vielen Menschen (ist wirklich nicht b\u00f6se gemeint \ud83d\ude42 ). Wieder neben der Stra\u00dfe verlaufend, fuhr ich dann auf dem Langelsheim-Astfeld-Radweg. Danach fuhr es sich auch entspannt, auch wenn hier und da kleinere Anstiege vorhanden waren. <\/p>\n\n\n\n<p>Nach Hahausen musste nat\u00fcrlich nochmal ein kleiner Navigationsfehler kommen. Statt bei den Schienen den linken Abzweig zu probieren, wie es das Handy-Navi auch anzeigte, habe ich noch eine Ehrenrunde um Bornhausen gedreht, um dann endlich am Campingplatz Brillteich anzukommen \ud83d\ude42 Mittlerweile war auch die Sonne wieder rausgekommen, es wurde deutlich w\u00e4rmer.<\/p>\n\n\n\n<p>Nach s\u00e4mtlichen erledigten Formalit\u00e4ten und vor allem einer gescheiten Essensbestellung (Leberk\u00e4se mit Spiegelei und Pommes) (!) wurde ich auf die Zeltwiese gef\u00fchrt und die Sanit\u00e4reinrichtungen erl\u00e4utert. Ich war der einzige Zelter und hatte somit frei Platzwahl \ud83d\ude42 Nachdem das Nachtlager aufgebaut und geduscht wurde, war es schon an der Zeit, sich dem Abendessen zu widmen. Man kam ein wenig ins Gespr\u00e4ch mit Einheimischen. Es zog mich jedoch wieder hinter zum Zelt und ich lie\u00df diesen Tag noch ruhig ausklingen. Aber auch f\u00fcr diesen Tag musste ich feststellen, dass wenn man nach Navi f\u00e4hrt, sollte man es sichtbar vor sich haben. Man verliert dabei sonst doch etwas Zeit und auch Nerven. Deswegen stand auf dem Plan, am n\u00e4chsten Tag wieder die urspr\u00fcnglich erarbeitete Strecke zu fahren, egal wie lang und wie steil \ud83d\ude42 <\/p>\n\n\n\n<p><a href=\"https:\/\/www.niva-stammtisch.de\/?page_id=5567\" data-type=\"page\" data-id=\"5567\">Einleitung <\/a>| <a href=\"https:\/\/www.niva-stammtisch.de\/?page_id=5657\" data-type=\"page\" data-id=\"5657\">Tag 01<\/a> | <a href=\"https:\/\/www.niva-stammtisch.de\/?page_id=5659\" data-type=\"page\" data-id=\"5659\">Tag 02<\/a> | <a href=\"https:\/\/www.niva-stammtisch.de\/?page_id=5663\" data-type=\"page\" data-id=\"5663\">Tag 03<\/a> | <a href=\"https:\/\/www.niva-stammtisch.de\/?page_id=5665\" data-type=\"page\" data-id=\"5665\">Tag 04<\/a> | <strong><em>Tag 05<\/em><\/strong> | <a href=\"https:\/\/www.niva-stammtisch.de\/?page_id=5669\" data-type=\"page\" data-id=\"5669\">Tag 06<\/a> | <a href=\"https:\/\/www.niva-stammtisch.de\/?page_id=5671\" data-type=\"page\" data-id=\"5671\">Tag 07-08<\/a> | <a href=\"https:\/\/www.niva-stammtisch.de\/?page_id=5673\" data-type=\"page\" data-id=\"5673\">Tag 09<\/a> | <a href=\"https:\/\/www.niva-stammtisch.de\/?page_id=5675\" data-type=\"page\" data-id=\"5675\">Tag 10<\/a> | <a href=\"https:\/\/www.niva-stammtisch.de\/?page_id=5677\" data-type=\"page\" data-id=\"5677\">Tag 11<\/a> | <a href=\"https:\/\/www.niva-stammtisch.de\/?page_id=5679\" data-type=\"page\" data-id=\"5679\">Tag 12<\/a> | <a href=\"https:\/\/www.niva-stammtisch.de\/?page_id=5681\" data-type=\"page\" data-id=\"5681\">Tag 13<\/a><\/p>\n","protected":false},"excerpt":{"rendered":"<p>Einleitung | Tag 01 | Tag 02 | Tag 03 | Tag 04 | Tag 05 | Tag 06 | Tag 07-08 | Tag 09 | Tag 10 | Tag 11 | Tag 12 | Tag 13 Neuer Tag und hoffentlich neues Gl\u00fcck beim Radeln &#8211; so erhoffte ich es mir gleich am Morgen, der &hellip; <\/p>\n<p class=\"link-more\"><a href=\"https:\/\/www.niva-stammtisch.de\/?page_id=5667\" class=\"more-link\"><span class=\"screen-reader-text\">\u201eLNT-Tour 2022 &#8211; Tag 05\u201c <\/span>weiterlesen<\/a><\/p>\n","protected":false},"author":1,"featured_media":0,"parent":5567,"menu_order":5,"comment_status":"closed","ping_status":"closed","template":"","meta":{"footnotes":""},"class_list":["post-5667","page","type-page","status-publish","hentry"],"_links":{"self":[{"href":"https:\/\/www.niva-stammtisch.de\/index.php?rest_route=\/wp\/v2\/pages\/5667","targetHints":{"allow":["GET"]}}],"collection":[{"href":"https:\/\/www.niva-stammtisch.de\/index.php?rest_route=\/wp\/v2\/pages"}],"about":[{"href":"https:\/\/www.niva-stammtisch.de\/index.php?rest_route=\/wp\/v2\/types\/page"}],"author":[{"embeddable":true,"href":"https:\/\/www.niva-stammtisch.de\/index.php?rest_route=\/wp\/v2\/users\/1"}],"replies":[{"embeddable":true,"href":"https:\/\/www.niva-stammtisch.de\/index.php?rest_route=%2Fwp%2Fv2%2Fcomments&post=5667"}],"version-history":[{"count":6,"href":"https:\/\/www.niva-stammtisch.de\/index.php?rest_route=\/wp\/v2\/pages\/5667\/revisions"}],"predecessor-version":[{"id":5897,"href":"https:\/\/www.niva-stammtisch.de\/index.php?rest_route=\/wp\/v2\/pages\/5667\/revisions\/5897"}],"up":[{"embeddable":true,"href":"https:\/\/www.niva-stammtisch.de\/index.php?rest_route=\/wp\/v2\/pages\/5567"}],"wp:attachment":[{"href":"https:\/\/www.niva-stammtisch.de\/index.php?rest_route=%2Fwp%2Fv2%2Fmedia&parent=5667"}],"curies":[{"name":"wp","href":"https:\/\/api.w.org\/{rel}","templated":true}]}}

<p><a href="https://www.niva-stammtisch.de/?page_id=5567" data-type="page" data-id="5567">Einleitung </a>| <a href="https://www.niva-stammtisch.de/?page_id=5657" data-type="page" data-id="5657">Tag 01</a> | <a href="https://www.niva-stammtisch.de/?page_id=5659" data-type="page" data-id="5659">Tag 02</a> | <a href="https://www.niva-stammtisch.de/?page_id=5663" data-type="page" data-id="5663">Tag 03</a> | <a href="https://www.niva-stammtisch.de/?page_id=5665" data-type="page" data-id="5665">Tag 04</a> | <strong><em>Tag 05</em></strong> | <a href="https://www.niva-stammtisch.de/?page_id=5669" data-type="page" data-id="5669">Tag 06</a> | <a href="https://www.niva-stammtisch.de/?page_id=5671" data-type="page" data-id="5671">Tag 07-08</a> | <a href="https://www.niva-stammtisch.de/?page_id=5673" data-type="page" data-id="5673">Tag 09</a> | <a href="https://www.niva-stammtisch.de/?page_id=5675" data-type="page" data-id="5675">Tag 10</a> | <a href="https://www.niva-stammtisch.de/?page_id=5677" data-type="page" data-id="5677">Tag 11</a> | <a href="https://www.niva-stammtisch.de/?page_id=5679" data-type="page" data-id="5679">Tag 12</a> | <a href="https://www.niva-stammtisch.de/?page_id=5681" data-type="page" data-id="5681">Tag 13</a></p>



<iframe loading="lazy" src="https://www.komoot.de/tour/1050725734/embed?profile=1" width="100%" height="700" frameborder="0" scrolling="no"></iframe>



<p>Neuer Tag und hoffentlich neues Glück beim Radeln &#8211; so erhoffte ich es mir gleich am Morgen, der leider deutlich eingegraut war am Himmel und es noch arg frisch temperierte. Trotzdem zackig alles zusammen gepackt und auch fein meine Campinggebühren bezahlt, denn Mittwoch ist ja kein Ruhetag 🙂 Mit dem zusätzlich auf der Tasche gespanntem Paket ging es dann behutsam wieder rauf ins Zentrum von Wernigerode. Erneut vorbei am Tiergarten, später zufällig an der Sternwarte ab zur mir bekannten Tankstelle &#8211; Paket abgeben und Frühstück in Form von Schnitzelbrötchen besorgen, welches dann noch auf einer nahegelegenen Bank verputzt wurde. </p>



<p>So, genug Zeit vertrödelt gehabt &#8211; es tendierte schließlich fast schon gegen Mittag, ehe man von Wernigerode weg kam. Auch hier gestaltete es sich etwas schwierig ohne die Navigation vor Augen zu haben. Aber man hat eine gute Orientierungsgabe und mit dem Radel lässt es sich auch schneller mal anhalten und umdrehen.</p>



<p>Im leichten rauf und runter ging es erstmal nach Ilsenburg. Auch ein schönes beschauliches Örtchen. Schön angelegte Teichanlage &#8211; nur keine Zeit gehabt zum Genießen. In Stapelburg war es nach einer kleinen &#8222;Ehrenrunde&#8220; soweit. Ich wechselte von Ostdeutschland nach Westdeutschland 😉 Infotafeln veranschaulichen sehr schön den damaligen deutsch-deutschen Grenzbergang. Selbst für mich ist es eine intensive Erfahrung. Ich war auch schon vorher nach Westdeutschland gefahren, aber mit dem Fahrrad nimmt man soetwas viel bewusster war als wenn man einfach nur mit dem Auto vorbei oder durch fährt.</p>



<p>Aber sofort merkt man, dass es erstmal wieder ordentlich asphaltierte Radwege gibt oder wohl geben wird. Der Schimmerwald-Radweg machte es vor. Mit einem Abzweig nach rechts gings auf kürzerem und ruhigerem Wege nach Westerode. Weitere kleinere Ortschaften folgten. In Oker war der Weg am Okerufer sehr schön, nur leider zu kurz gewesen. Danach gings wieder parallel zur Straße so langsam aber sicher und schleichend bergauf nach Goslar. Auch hier entschied ich mich, stückweise das Radel zu schieben. Man kann dabei etwas regenerieren und wenn Füße und Hände eingeschlafen oder kalt sind, erholt sich dies auch darüber sehr gut, so meine Erfahrungen. In Goslar gibt es sicher einiges zu sehen. Ich kam nur am &#8222;Breiten Tor&#8220; &#8211; einem Stadttor vorbei, was zumindest optisch einen burgähnlichen Charakter aufweist. </p>



<p>Leider entwickelt man auf solchen mehrtägigen Touren auch als gebürtiger Städter eine Vorliebe für das Ruhige / wenig Leute usw. Dadurch war auch ich hier wieder froh, aus Goslar rauszuskommen, weg von den vielen Menschen (ist wirklich nicht böse gemeint 🙂 ). Wieder neben der Straße verlaufend, fuhr ich dann auf dem Langelsheim-Astfeld-Radweg. Danach fuhr es sich auch entspannt, auch wenn hier und da kleinere Anstiege vorhanden waren. </p>



<p>Nach Hahausen musste natürlich nochmal ein kleiner Navigationsfehler kommen. Statt bei den Schienen den linken Abzweig zu probieren, wie es das Handy-Navi auch anzeigte, habe ich noch eine Ehrenrunde um Bornhausen gedreht, um dann endlich am Campingplatz Brillteich anzukommen 🙂 Mittlerweile war auch die Sonne wieder rausgekommen, es wurde deutlich wärmer.</p>



<p>Nach sämtlichen erledigten Formalitäten und vor allem einer gescheiten Essensbestellung (Leberkäse mit Spiegelei und Pommes) (!) wurde ich auf die Zeltwiese geführt und die Sanitäreinrichtungen erläutert. Ich war der einzige Zelter und hatte somit frei Platzwahl 🙂 Nachdem das Nachtlager aufgebaut und geduscht wurde, war es schon an der Zeit, sich dem Abendessen zu widmen. Man kam ein wenig ins Gespräch mit Einheimischen. Es zog mich jedoch wieder hinter zum Zelt und ich ließ diesen Tag noch ruhig ausklingen. Aber auch für diesen Tag musste ich feststellen, dass wenn man nach Navi fährt, sollte man es sichtbar vor sich haben. Man verliert dabei sonst doch etwas Zeit und auch Nerven. Deswegen stand auf dem Plan, am nächsten Tag wieder die ursprünglich erarbeitete Strecke zu fahren, egal wie lang und wie steil 🙂 </p>



<p><a href="https://www.niva-stammtisch.de/?page_id=5567" data-type="page" data-id="5567">Einleitung </a>| <a href="https://www.niva-stammtisch.de/?page_id=5657" data-type="page" data-id="5657">Tag 01</a> | <a href="https://www.niva-stammtisch.de/?page_id=5659" data-type="page" data-id="5659">Tag 02</a> | <a href="https://www.niva-stammtisch.de/?page_id=5663" data-type="page" data-id="5663">Tag 03</a> | <a href="https://www.niva-stammtisch.de/?page_id=5665" data-type="page" data-id="5665">Tag 04</a> | <strong><em>Tag 05</em></strong> | <a href="https://www.niva-stammtisch.de/?page_id=5669" data-type="page" data-id="5669">Tag 06</a> | <a href="https://www.niva-stammtisch.de/?page_id=5671" data-type="page" data-id="5671">Tag 07-08</a> | <a href="https://www.niva-stammtisch.de/?page_id=5673" data-type="page" data-id="5673">Tag 09</a> | <a href="https://www.niva-stammtisch.de/?page_id=5675" data-type="page" data-id="5675">Tag 10</a> | <a href="https://www.niva-stammtisch.de/?page_id=5677" data-type="page" data-id="5677">Tag 11</a> | <a href="https://www.niva-stammtisch.de/?page_id=5679" data-type="page" data-id="5679">Tag 12</a> | <a href="https://www.niva-stammtisch.de/?page_id=5681" data-type="page" data-id="5681">Tag 13</a></p>

<p>Einleitung | Tag 01 | Tag 02 | Tag 03 | Tag 04 | Tag 05 | Tag 06 | Tag 07-08 | Tag 09 | Tag 10 | Tag 11 | Tag 12 | Tag 13 Neuer Tag und hoffentlich neues Glück beim Radeln &#8211; so erhoffte ich es mir gleich am Morgen, der &hellip; </p>
<p class="link-more"><a href="https://www.niva-stammtisch.de/?page_id=5667" class="more-link"><span class="screen-reader-text">„LNT-Tour 2022 &#8211; Tag 05“ </span>weiterlesen</a></p>
