{"id":5608,"date":"2022-09-25T19:14:21","date_gmt":"2022-09-25T17:14:21","guid":{"rendered":"https:\/\/www.niva-stammtisch.de\/?page_id=5608"},"modified":"2023-02-13T23:15:08","modified_gmt":"2023-02-13T22:15:08","slug":"tamas-on-tour-2022-ii-die-austria-tour","status":"publish","type":"page","link":"https:\/\/www.niva-stammtisch.de\/?page_id=5608","title":{"rendered":"Tami on Tour 2022-II &#8211; die Austria-Tour"},"content":{"rendered":"\n<p><strong><em>Einleitung<\/em><\/strong> | <a href=\"https:\/\/www.niva-stammtisch.de\/?page_id=5683\" data-type=\"page\" data-id=\"5683\">Tag 01<\/a> | <a href=\"https:\/\/www.niva-stammtisch.de\/?page_id=5685\" data-type=\"page\" data-id=\"5685\">Tag 02<\/a> | <a href=\"https:\/\/www.niva-stammtisch.de\/?page_id=5687\" data-type=\"page\" data-id=\"5687\">Tag 03<\/a> | <a href=\"https:\/\/www.niva-stammtisch.de\/?page_id=5689\" data-type=\"page\" data-id=\"5689\">Tag 04 <\/a>| <a href=\"https:\/\/www.niva-stammtisch.de\/?page_id=5691\" data-type=\"page\" data-id=\"5691\">Tag 05<\/a> | <a href=\"https:\/\/www.niva-stammtisch.de\/?page_id=5693\" data-type=\"page\" data-id=\"5693\">Tag 06-08<\/a> | <a href=\"https:\/\/www.niva-stammtisch.de\/?page_id=5695\" data-type=\"page\" data-id=\"5695\">Tag 09<\/a> | <a href=\"https:\/\/www.niva-stammtisch.de\/?page_id=5697\" data-type=\"page\" data-id=\"5697\">Tag 10<\/a> | <a href=\"https:\/\/www.niva-stammtisch.de\/?page_id=5699\" data-type=\"page\" data-id=\"5699\">Tag 11<\/a> | <a href=\"https:\/\/www.niva-stammtisch.de\/?page_id=5701\" data-type=\"page\" data-id=\"5701\">Tag 12<\/a> | <a href=\"https:\/\/www.niva-stammtisch.de\/?page_id=5703\" data-type=\"page\" data-id=\"5703\">Tag 13<\/a> | <a href=\"https:\/\/www.niva-stammtisch.de\/?page_id=5705\" data-type=\"page\" data-id=\"5705\">Tag 14<\/a><\/p>\n\n\n\n<iframe loading=\"lazy\" src=\"https:\/\/www.komoot.de\/tour\/1024988705\/embed?profile=1\" scrolling=\"no\" width=\"100%\" height=\"700\" frameborder=\"0\"><\/iframe>\n\n\n\n<p>Hier seht ihr die Tour im kompletten Verlauf, die ich im Zeitraum 11. bis 24. September 2022 wieder mit meinem BIRIA ATB absolviert habe. Diesmal aber deutlich entspannter &#8211; d.h. ohne den Anh\u00e4nger sowie Campinggep\u00e4ck (au\u00dfer Schlafsack) und s\u00e4mtliche \u00dcbernachtungen erfolgten in richtigen Betten, ob bei tollen Freunden oder in Pensionen bzw. Hotels. Auch gab es diesmal weniger km pro Tag und mehr Ruhephasen als auf der LNT-Tour \ud83d\ude09 Ich m\u00f6chte diese Tour ebenso nicht missen, aber nach mehrj\u00e4hriger Pause und paar &#8222;Zeitaltern&#8220; mehr in den Knochen, war es doch nicht ganz das gleiche wie damals in 2017 \ud83d\ude09<\/p>\n\n\n\n<p><strong><em>Einleitung<\/em><\/strong> | <a href=\"https:\/\/www.niva-stammtisch.de\/?page_id=5683\" data-type=\"page\" data-id=\"5683\">Tag 01<\/a> | <a href=\"https:\/\/www.niva-stammtisch.de\/?page_id=5685\" data-type=\"page\" data-id=\"5685\">Tag 02<\/a> | <a href=\"https:\/\/www.niva-stammtisch.de\/?page_id=5687\" data-type=\"page\" data-id=\"5687\">Tag 03<\/a> | <a href=\"https:\/\/www.niva-stammtisch.de\/?page_id=5689\" data-type=\"page\" data-id=\"5689\">Tag 04 <\/a>| <a href=\"https:\/\/www.niva-stammtisch.de\/?page_id=5691\" data-type=\"page\" data-id=\"5691\">Tag 05<\/a> | <a href=\"https:\/\/www.niva-stammtisch.de\/?page_id=5693\" data-type=\"page\" data-id=\"5693\">Tag 06-08<\/a> | <a href=\"https:\/\/www.niva-stammtisch.de\/?page_id=5695\" data-type=\"page\" data-id=\"5695\">Tag 09<\/a> | <a href=\"https:\/\/www.niva-stammtisch.de\/?page_id=5697\" data-type=\"page\" data-id=\"5697\">Tag 10<\/a> | <a href=\"https:\/\/www.niva-stammtisch.de\/?page_id=5699\" data-type=\"page\" data-id=\"5699\">Tag 11<\/a> | <a href=\"https:\/\/www.niva-stammtisch.de\/?page_id=5701\" data-type=\"page\" data-id=\"5701\">Tag 12<\/a> | <a href=\"https:\/\/www.niva-stammtisch.de\/?page_id=5703\" data-type=\"page\" data-id=\"5703\">Tag 13<\/a> | <a href=\"https:\/\/www.niva-stammtisch.de\/?page_id=5705\" data-type=\"page\" data-id=\"5705\">Tag 14<\/a><\/p>\n","protected":false},"excerpt":{"rendered":"<p>Einleitung | Tag 01 | Tag 02 | Tag 03 | Tag 04 | Tag 05 | Tag 06-08 | Tag 09 | Tag 10 | Tag 11 | Tag 12 | Tag 13 | Tag 14 Hier seht ihr die Tour im kompletten Verlauf, die ich im Zeitraum 11. bis 24. September 2022 wieder &hellip; <\/p>\n<p class=\"link-more\"><a href=\"https:\/\/www.niva-stammtisch.de\/?page_id=5608\" class=\"more-link\"><span class=\"screen-reader-text\">\u201eTami on Tour 2022-II &#8211; die Austria-Tour\u201c <\/span>weiterlesen<\/a><\/p>\n","protected":false},"author":1,"featured_media":0,"parent":5642,"menu_order":3,"comment_status":"closed","ping_status":"closed","template":"","meta":{"footnotes":""},"class_list":["post-5608","page","type-page","status-publish","hentry"],"_links":{"self":[{"href":"https:\/\/www.niva-stammtisch.de\/index.php?rest_route=\/wp\/v2\/pages\/5608","targetHints":{"allow":["GET"]}}],"collection":[{"href":"https:\/\/www.niva-stammtisch.de\/index.php?rest_route=\/wp\/v2\/pages"}],"about":[{"href":"https:\/\/www.niva-stammtisch.de\/index.php?rest_route=\/wp\/v2\/types\/page"}],"author":[{"embeddable":true,"href":"https:\/\/www.niva-stammtisch.de\/index.php?rest_route=\/wp\/v2\/users\/1"}],"replies":[{"embeddable":true,"href":"https:\/\/www.niva-stammtisch.de\/index.php?rest_route=%2Fwp%2Fv2%2Fcomments&post=5608"}],"version-history":[{"count":20,"href":"https:\/\/www.niva-stammtisch.de\/index.php?rest_route=\/wp\/v2\/pages\/5608\/revisions"}],"predecessor-version":[{"id":5727,"href":"https:\/\/www.niva-stammtisch.de\/index.php?rest_route=\/wp\/v2\/pages\/5608\/revisions\/5727"}],"up":[{"embeddable":true,"href":"https:\/\/www.niva-stammtisch.de\/index.php?rest_route=\/wp\/v2\/pages\/5642"}],"wp:attachment":[{"href":"https:\/\/www.niva-stammtisch.de\/index.php?rest_route=%2Fwp%2Fv2%2Fmedia&parent=5608"}],"curies":[{"name":"wp","href":"https:\/\/api.w.org\/{rel}","templated":true}]}}

<p><strong><em>Einleitung</em></strong> | <a href="https://www.niva-stammtisch.de/?page_id=5683" data-type="page" data-id="5683">Tag 01</a> | <a href="https://www.niva-stammtisch.de/?page_id=5685" data-type="page" data-id="5685">Tag 02</a> | <a href="https://www.niva-stammtisch.de/?page_id=5687" data-type="page" data-id="5687">Tag 03</a> | <a href="https://www.niva-stammtisch.de/?page_id=5689" data-type="page" data-id="5689">Tag 04 </a>| <a href="https://www.niva-stammtisch.de/?page_id=5691" data-type="page" data-id="5691">Tag 05</a> | <a href="https://www.niva-stammtisch.de/?page_id=5693" data-type="page" data-id="5693">Tag 06-08</a> | <a href="https://www.niva-stammtisch.de/?page_id=5695" data-type="page" data-id="5695">Tag 09</a> | <a href="https://www.niva-stammtisch.de/?page_id=5697" data-type="page" data-id="5697">Tag 10</a> | <a href="https://www.niva-stammtisch.de/?page_id=5699" data-type="page" data-id="5699">Tag 11</a> | <a href="https://www.niva-stammtisch.de/?page_id=5701" data-type="page" data-id="5701">Tag 12</a> | <a href="https://www.niva-stammtisch.de/?page_id=5703" data-type="page" data-id="5703">Tag 13</a> | <a href="https://www.niva-stammtisch.de/?page_id=5705" data-type="page" data-id="5705">Tag 14</a></p>



<iframe loading="lazy" src="https://www.komoot.de/tour/1024988705/embed?profile=1" scrolling="no" width="100%" height="700" frameborder="0"></iframe>



<p>Hier seht ihr die Tour im kompletten Verlauf, die ich im Zeitraum 11. bis 24. September 2022 wieder mit meinem BIRIA ATB absolviert habe. Diesmal aber deutlich entspannter &#8211; d.h. ohne den Anhänger sowie Campinggepäck (außer Schlafsack) und sämtliche Übernachtungen erfolgten in richtigen Betten, ob bei tollen Freunden oder in Pensionen bzw. Hotels. Auch gab es diesmal weniger km pro Tag und mehr Ruhephasen als auf der LNT-Tour 😉 Ich möchte diese Tour ebenso nicht missen, aber nach mehrjähriger Pause und paar &#8222;Zeitaltern&#8220; mehr in den Knochen, war es doch nicht ganz das gleiche wie damals in 2017 😉</p>



<p><strong><em>Einleitung</em></strong> | <a href="https://www.niva-stammtisch.de/?page_id=5683" data-type="page" data-id="5683">Tag 01</a> | <a href="https://www.niva-stammtisch.de/?page_id=5685" data-type="page" data-id="5685">Tag 02</a> | <a href="https://www.niva-stammtisch.de/?page_id=5687" data-type="page" data-id="5687">Tag 03</a> | <a href="https://www.niva-stammtisch.de/?page_id=5689" data-type="page" data-id="5689">Tag 04 </a>| <a href="https://www.niva-stammtisch.de/?page_id=5691" data-type="page" data-id="5691">Tag 05</a> | <a href="https://www.niva-stammtisch.de/?page_id=5693" data-type="page" data-id="5693">Tag 06-08</a> | <a href="https://www.niva-stammtisch.de/?page_id=5695" data-type="page" data-id="5695">Tag 09</a> | <a href="https://www.niva-stammtisch.de/?page_id=5697" data-type="page" data-id="5697">Tag 10</a> | <a href="https://www.niva-stammtisch.de/?page_id=5699" data-type="page" data-id="5699">Tag 11</a> | <a href="https://www.niva-stammtisch.de/?page_id=5701" data-type="page" data-id="5701">Tag 12</a> | <a href="https://www.niva-stammtisch.de/?page_id=5703" data-type="page" data-id="5703">Tag 13</a> | <a href="https://www.niva-stammtisch.de/?page_id=5705" data-type="page" data-id="5705">Tag 14</a></p>
