{"id":5567,"date":"2022-06-29T22:51:15","date_gmt":"2022-06-29T20:51:15","guid":{"rendered":"https:\/\/www.niva-stammtisch.de\/?page_id=5567"},"modified":"2023-03-13T17:27:54","modified_gmt":"2023-03-13T16:27:54","slug":"tamas-on-tour-2022-i","status":"publish","type":"page","link":"https:\/\/www.niva-stammtisch.de\/?page_id=5567","title":{"rendered":"Tami on Tour 2022-I &#8211; die LNT-Tour"},"content":{"rendered":"\n<p><strong><em>Einleitung<\/em><\/strong> | <a href=\"https:\/\/www.niva-stammtisch.de\/?page_id=5657\" data-type=\"page\" data-id=\"5657\">Tag 01<\/a> | <a href=\"https:\/\/www.niva-stammtisch.de\/?page_id=5659\" data-type=\"page\" data-id=\"5659\">Tag 02<\/a> | <a href=\"https:\/\/www.niva-stammtisch.de\/?page_id=5663\" data-type=\"page\" data-id=\"5663\">Tag 03<\/a> | <a href=\"https:\/\/www.niva-stammtisch.de\/?page_id=5665\" data-type=\"page\" data-id=\"5665\">Tag 04<\/a> | <a href=\"https:\/\/www.niva-stammtisch.de\/?page_id=5667\" data-type=\"page\" data-id=\"5667\">Tag 05<\/a> | <a href=\"https:\/\/www.niva-stammtisch.de\/?page_id=5669\" data-type=\"page\" data-id=\"5669\">Tag 06<\/a> | <a href=\"https:\/\/www.niva-stammtisch.de\/?page_id=5671\" data-type=\"page\" data-id=\"5671\">Tag 07-08<\/a> | <a href=\"https:\/\/www.niva-stammtisch.de\/?page_id=5673\" data-type=\"page\" data-id=\"5673\">Tag 09<\/a> | <a href=\"https:\/\/www.niva-stammtisch.de\/?page_id=5675\" data-type=\"page\" data-id=\"5675\">Tag 10<\/a> | <a href=\"https:\/\/www.niva-stammtisch.de\/?page_id=5677\" data-type=\"page\" data-id=\"5677\">Tag 11<\/a> | <a href=\"https:\/\/www.niva-stammtisch.de\/?page_id=5679\" data-type=\"page\" data-id=\"5679\">Tag 12<\/a> | <a href=\"https:\/\/www.niva-stammtisch.de\/?page_id=5681\" data-type=\"page\" data-id=\"5681\">Tag 13<\/a><\/p>\n\n\n\n<iframe loading=\"lazy\" src=\"https:\/\/www.komoot.de\/tour\/1048960914\/embed?profile=1\" scrolling=\"no\" width=\"100%\" height=\"700\" frameborder=\"0\"><\/iframe>\n\n\n\n<p>Nach den gr\u00f6\u00dferen Touren in 2016 und 2017 war es doch l\u00e4nger still geworden um &#8222;Tami on Tour&#8220;. Verschiedene Gr\u00fcnde lie\u00dfen in der Zwischenzeit eine l\u00e4ngere Radreise leider nicht zu. Umso entschlossener bin ich das Thema im Jahre 2022 angegangen und es sollten sogar zwei gr\u00f6\u00dfere Touren gefahren werden, f\u00fcr die ich jeweils 2 Wochen Zeit hatte. Hier werde ich von der ersten Tour, der LNT-Tour (Lada Niva Treffen Tour) berichten. Denn dieses Jahr wollte ich endlich auch mal mit dem Fahrrad zum Internationalen Lada Niva Treffen im Mammutpark in Stadtoldendorf radeln. <\/p>\n\n\n\n<p>Kurz gesagt, eine Woche hin und eine Woche zur\u00fcck war der grobe Zeitplan. Auf k\u00fcrzestem Wege hin und wieder zur\u00fcck wollte ich nicht, sondern die verf\u00fcgbare Zeit nach M\u00f6glichkeit sinnvoll ausnutzen. Somit wurde auf der Landkarte ein wenig hin und her probiert, um dann eine &#8222;Rundstrecke&#8220; herauszubekommen. <\/p>\n\n\n\n<p>Gern wollte ich diverse Radrouten nutzen, um im Falle eines Navi-Ausfalls mich nach der Beschilderung orientieren zu k\u00f6nnen. <\/p>\n\n\n\n<ul class=\"wp-block-list\">\n<li>Elberadweg bis Dessau-Roslau<\/li>\n\n\n\n<li>EuroVelo 2 \/ D11 \/ D3 \/ Radweg Deutsche Einheit \/ Europaradweg R1 bis H\u00f6xter<\/li>\n\n\n\n<li>Weserradweg bis Hann. M\u00fcnden<\/li>\n\n\n\n<li>Werratal-Radwanderweg bis Werleshausen<\/li>\n\n\n\n<li>EuroVelo 13 bis Ahrenshausen<\/li>\n\n\n\n<li>Leine-Rhume-Hahle-Radweg bis Worbis<\/li>\n\n\n\n<li>Leine-Nordhausen-Radweg bis Elende<\/li>\n\n\n\n<li>ab Sondershausen Werra-Unstrut-Radweg bis Artern<\/li>\n\n\n\n<li>Unstrutradweg bis Karsdorf<\/li>\n\n\n\n<li>Salzstra\u00dfe-Radroute bis &#8222;Neue Luppe&#8220;<\/li>\n\n\n\n<li>Elster-Radweg bis Kl\u00e4rwerk Rosental (Leipzig)<\/li>\n\n\n\n<li>Parthe-Mulde-Radweg bis Grimma<\/li>\n\n\n\n<li>(Vereinte) Mulde-Radweg bis Sermuth<\/li>\n\n\n\n<li>Freiberger Mulde Radweg bis D\u00f6beln<\/li>\n\n\n\n<li>Elbe-Mulde-Radweg komplett bis Zehren<\/li>\n\n\n\n<li>Elberadweg bis Dresden<\/li>\n<\/ul>\n\n\n\n<p>Da mein Fuhrpark relativ frisch um ein weiteres Fahrrad erweitert wurde, kam es wirklich zur Qual der Wahl \ud83d\ude09 Dennoch habe ich mich f\u00fcr das &#8222;Buksi &amp; Bobby&#8220;-Gespann entschieden. Warum? Zum einen habe ich das Gespann auf Langstrecke noch nicht testen k\u00f6nnen und zum anderen hat Buksi seine 40.000 km noch nicht auf der Uhr &#8211; es braucht also an Kilometern, um dem Ziel n\u00e4her zu kommen.<\/p>\n\n\n\n<p>Was sich alles zugetragen hatte und ob alles wieder planm\u00e4\u00dfig geklappt hatte &#8230; lest selber auf den folgenden Seiten \ud83d\ude42 Bitte nicht wundern. Diesmal wollte ich mich mehr aufs <em>&#8222;Radeln und dabei die Landschaft genie\u00dfen&#8220;<\/em> konzentrieren und nicht st\u00e4ndig zwecks einem super Foto anhalten m\u00fcssen. Auch Selfies gibts diesmal kaum &#8211; aber ich hoffe dennoch, dass trotzdem genug Material zusammen gekommen ist \ud83d\ude42<\/p>\n\n\n\n<p>Viel Spa\u00df beim Lesen und Schauen!!!<br>Euer Radel-Tami \ud83d\ude42<\/p>\n\n\n\n<p><strong><em>Einleitung<\/em><\/strong> | <a href=\"https:\/\/www.niva-stammtisch.de\/?page_id=5657\" data-type=\"page\" data-id=\"5657\">Tag 01<\/a> | <a href=\"https:\/\/www.niva-stammtisch.de\/?page_id=5659\" data-type=\"page\" data-id=\"5659\">Tag 02<\/a> | <a href=\"https:\/\/www.niva-stammtisch.de\/?page_id=5663\" data-type=\"page\" data-id=\"5663\">Tag 03<\/a> | <a href=\"https:\/\/www.niva-stammtisch.de\/?page_id=5665\" data-type=\"page\" data-id=\"5665\">Tag 04<\/a> | <a href=\"https:\/\/www.niva-stammtisch.de\/?page_id=5667\" data-type=\"page\" data-id=\"5667\">Tag 05<\/a> | <a href=\"https:\/\/www.niva-stammtisch.de\/?page_id=5669\" data-type=\"page\" data-id=\"5669\">Tag 06<\/a> | <a href=\"https:\/\/www.niva-stammtisch.de\/?page_id=5671\" data-type=\"page\" data-id=\"5671\">Tag 07-08<\/a> | <a href=\"https:\/\/www.niva-stammtisch.de\/?page_id=5673\" data-type=\"page\" data-id=\"5673\">Tag 09<\/a> | <a href=\"https:\/\/www.niva-stammtisch.de\/?page_id=5675\" data-type=\"page\" data-id=\"5675\">Tag 10<\/a> | <a href=\"https:\/\/www.niva-stammtisch.de\/?page_id=5677\" data-type=\"page\" data-id=\"5677\">Tag 11<\/a> | <a href=\"https:\/\/www.niva-stammtisch.de\/?page_id=5679\" data-type=\"page\" data-id=\"5679\">Tag 12<\/a> | <a href=\"https:\/\/www.niva-stammtisch.de\/?page_id=5681\" data-type=\"page\" data-id=\"5681\">Tag 13<\/a><\/p>\n","protected":false},"excerpt":{"rendered":"<p>Einleitung | Tag 01 | Tag 02 | Tag 03 | Tag 04 | Tag 05 | Tag 06 | Tag 07-08 | Tag 09 | Tag 10 | Tag 11 | Tag 12 | Tag 13 Nach den gr\u00f6\u00dferen Touren in 2016 und 2017 war es doch l\u00e4nger still geworden um &#8222;Tami on Tour&#8220;. &hellip; <\/p>\n<p class=\"link-more\"><a href=\"https:\/\/www.niva-stammtisch.de\/?page_id=5567\" class=\"more-link\"><span class=\"screen-reader-text\">\u201eTami on Tour 2022-I &#8211; die LNT-Tour\u201c <\/span>weiterlesen<\/a><\/p>\n","protected":false},"author":1,"featured_media":0,"parent":5642,"menu_order":0,"comment_status":"closed","ping_status":"closed","template":"","meta":{"footnotes":""},"class_list":["post-5567","page","type-page","status-publish","hentry"],"_links":{"self":[{"href":"https:\/\/www.niva-stammtisch.de\/index.php?rest_route=\/wp\/v2\/pages\/5567","targetHints":{"allow":["GET"]}}],"collection":[{"href":"https:\/\/www.niva-stammtisch.de\/index.php?rest_route=\/wp\/v2\/pages"}],"about":[{"href":"https:\/\/www.niva-stammtisch.de\/index.php?rest_route=\/wp\/v2\/types\/page"}],"author":[{"embeddable":true,"href":"https:\/\/www.niva-stammtisch.de\/index.php?rest_route=\/wp\/v2\/users\/1"}],"replies":[{"embeddable":true,"href":"https:\/\/www.niva-stammtisch.de\/index.php?rest_route=%2Fwp%2Fv2%2Fcomments&post=5567"}],"version-history":[{"count":39,"href":"https:\/\/www.niva-stammtisch.de\/index.php?rest_route=\/wp\/v2\/pages\/5567\/revisions"}],"predecessor-version":[{"id":5824,"href":"https:\/\/www.niva-stammtisch.de\/index.php?rest_route=\/wp\/v2\/pages\/5567\/revisions\/5824"}],"up":[{"embeddable":true,"href":"https:\/\/www.niva-stammtisch.de\/index.php?rest_route=\/wp\/v2\/pages\/5642"}],"wp:attachment":[{"href":"https:\/\/www.niva-stammtisch.de\/index.php?rest_route=%2Fwp%2Fv2%2Fmedia&parent=5567"}],"curies":[{"name":"wp","href":"https:\/\/api.w.org\/{rel}","templated":true}]}}

<p><strong><em>Einleitung</em></strong> | <a href="https://www.niva-stammtisch.de/?page_id=5657" data-type="page" data-id="5657">Tag 01</a> | <a href="https://www.niva-stammtisch.de/?page_id=5659" data-type="page" data-id="5659">Tag 02</a> | <a href="https://www.niva-stammtisch.de/?page_id=5663" data-type="page" data-id="5663">Tag 03</a> | <a href="https://www.niva-stammtisch.de/?page_id=5665" data-type="page" data-id="5665">Tag 04</a> | <a href="https://www.niva-stammtisch.de/?page_id=5667" data-type="page" data-id="5667">Tag 05</a> | <a href="https://www.niva-stammtisch.de/?page_id=5669" data-type="page" data-id="5669">Tag 06</a> | <a href="https://www.niva-stammtisch.de/?page_id=5671" data-type="page" data-id="5671">Tag 07-08</a> | <a href="https://www.niva-stammtisch.de/?page_id=5673" data-type="page" data-id="5673">Tag 09</a> | <a href="https://www.niva-stammtisch.de/?page_id=5675" data-type="page" data-id="5675">Tag 10</a> | <a href="https://www.niva-stammtisch.de/?page_id=5677" data-type="page" data-id="5677">Tag 11</a> | <a href="https://www.niva-stammtisch.de/?page_id=5679" data-type="page" data-id="5679">Tag 12</a> | <a href="https://www.niva-stammtisch.de/?page_id=5681" data-type="page" data-id="5681">Tag 13</a></p>



<iframe loading="lazy" src="https://www.komoot.de/tour/1048960914/embed?profile=1" scrolling="no" width="100%" height="700" frameborder="0"></iframe>



<p>Nach den größeren Touren in 2016 und 2017 war es doch länger still geworden um &#8222;Tami on Tour&#8220;. Verschiedene Gründe ließen in der Zwischenzeit eine längere Radreise leider nicht zu. Umso entschlossener bin ich das Thema im Jahre 2022 angegangen und es sollten sogar zwei größere Touren gefahren werden, für die ich jeweils 2 Wochen Zeit hatte. Hier werde ich von der ersten Tour, der LNT-Tour (Lada Niva Treffen Tour) berichten. Denn dieses Jahr wollte ich endlich auch mal mit dem Fahrrad zum Internationalen Lada Niva Treffen im Mammutpark in Stadtoldendorf radeln. </p>



<p>Kurz gesagt, eine Woche hin und eine Woche zurück war der grobe Zeitplan. Auf kürzestem Wege hin und wieder zurück wollte ich nicht, sondern die verfügbare Zeit nach Möglichkeit sinnvoll ausnutzen. Somit wurde auf der Landkarte ein wenig hin und her probiert, um dann eine &#8222;Rundstrecke&#8220; herauszubekommen. </p>



<p>Gern wollte ich diverse Radrouten nutzen, um im Falle eines Navi-Ausfalls mich nach der Beschilderung orientieren zu können. </p>



<ul class="wp-block-list">
<li>Elberadweg bis Dessau-Roslau</li>



<li>EuroVelo 2 / D11 / D3 / Radweg Deutsche Einheit / Europaradweg R1 bis Höxter</li>



<li>Weserradweg bis Hann. Münden</li>



<li>Werratal-Radwanderweg bis Werleshausen</li>



<li>EuroVelo 13 bis Ahrenshausen</li>



<li>Leine-Rhume-Hahle-Radweg bis Worbis</li>



<li>Leine-Nordhausen-Radweg bis Elende</li>



<li>ab Sondershausen Werra-Unstrut-Radweg bis Artern</li>



<li>Unstrutradweg bis Karsdorf</li>



<li>Salzstraße-Radroute bis &#8222;Neue Luppe&#8220;</li>



<li>Elster-Radweg bis Klärwerk Rosental (Leipzig)</li>



<li>Parthe-Mulde-Radweg bis Grimma</li>



<li>(Vereinte) Mulde-Radweg bis Sermuth</li>



<li>Freiberger Mulde Radweg bis Döbeln</li>



<li>Elbe-Mulde-Radweg komplett bis Zehren</li>



<li>Elberadweg bis Dresden</li>
</ul>



<p>Da mein Fuhrpark relativ frisch um ein weiteres Fahrrad erweitert wurde, kam es wirklich zur Qual der Wahl 😉 Dennoch habe ich mich für das &#8222;Buksi &amp; Bobby&#8220;-Gespann entschieden. Warum? Zum einen habe ich das Gespann auf Langstrecke noch nicht testen können und zum anderen hat Buksi seine 40.000 km noch nicht auf der Uhr &#8211; es braucht also an Kilometern, um dem Ziel näher zu kommen.</p>



<p>Was sich alles zugetragen hatte und ob alles wieder planmäßig geklappt hatte &#8230; lest selber auf den folgenden Seiten 🙂 Bitte nicht wundern. Diesmal wollte ich mich mehr aufs <em>&#8222;Radeln und dabei die Landschaft genießen&#8220;</em> konzentrieren und nicht ständig zwecks einem super Foto anhalten müssen. Auch Selfies gibts diesmal kaum &#8211; aber ich hoffe dennoch, dass trotzdem genug Material zusammen gekommen ist 🙂</p>



<p>Viel Spaß beim Lesen und Schauen!!!<br>Euer Radel-Tami 🙂</p>



<p><strong><em>Einleitung</em></strong> | <a href="https://www.niva-stammtisch.de/?page_id=5657" data-type="page" data-id="5657">Tag 01</a> | <a href="https://www.niva-stammtisch.de/?page_id=5659" data-type="page" data-id="5659">Tag 02</a> | <a href="https://www.niva-stammtisch.de/?page_id=5663" data-type="page" data-id="5663">Tag 03</a> | <a href="https://www.niva-stammtisch.de/?page_id=5665" data-type="page" data-id="5665">Tag 04</a> | <a href="https://www.niva-stammtisch.de/?page_id=5667" data-type="page" data-id="5667">Tag 05</a> | <a href="https://www.niva-stammtisch.de/?page_id=5669" data-type="page" data-id="5669">Tag 06</a> | <a href="https://www.niva-stammtisch.de/?page_id=5671" data-type="page" data-id="5671">Tag 07-08</a> | <a href="https://www.niva-stammtisch.de/?page_id=5673" data-type="page" data-id="5673">Tag 09</a> | <a href="https://www.niva-stammtisch.de/?page_id=5675" data-type="page" data-id="5675">Tag 10</a> | <a href="https://www.niva-stammtisch.de/?page_id=5677" data-type="page" data-id="5677">Tag 11</a> | <a href="https://www.niva-stammtisch.de/?page_id=5679" data-type="page" data-id="5679">Tag 12</a> | <a href="https://www.niva-stammtisch.de/?page_id=5681" data-type="page" data-id="5681">Tag 13</a></p>

<p>Einleitung | Tag 01 | Tag 02 | Tag 03 | Tag 04 | Tag 05 | Tag 06 | Tag 07-08 | Tag 09 | Tag 10 | Tag 11 | Tag 12 | Tag 13 Nach den größeren Touren in 2016 und 2017 war es doch länger still geworden um &#8222;Tami on Tour&#8220;. &hellip; </p>
<p class="link-more"><a href="https://www.niva-stammtisch.de/?page_id=5567" class="more-link"><span class="screen-reader-text">„Tami on Tour 2022-I &#8211; die LNT-Tour“ </span>weiterlesen</a></p>
