{"id":5327,"date":"2019-05-17T00:00:16","date_gmt":"2019-05-16T22:00:16","guid":{"rendered":"https:\/\/www.niva-stammtisch.de\/?page_id=5327"},"modified":"2019-05-17T00:32:35","modified_gmt":"2019-05-16T22:32:35","slug":"07-travel-day-komarno-szentendre-ig-112-km","status":"publish","type":"page","link":"https:\/\/www.niva-stammtisch.de\/?page_id=5327","title":{"rendered":"07. TRAVEL DAY &#8211; KOM\u00c1RNO SZENTENDRE-ig (112 km)"},"content":{"rendered":"\n<p>Miut\u00e1n a riaszt\u00e1s megsz\u00f3lalt, \u00e9s az akkumul\u00e1tor ism\u00e9t \u00fcres volt, 8:00 \u00f3ra volt a s\u00e1torb\u00f3l. A csomagol\u00e1s most m\u00e1r hatodik alkalommal ism\u00e9tl\u0151dik, \u00e9s mindig jobb lesz. Mivel azonban a &#8222;szomsz\u00e9dokkal&#8220; ism\u00e9t besz\u00e9lget\u00e9sbe j\u00f6ttem, v\u00e9g\u00fcl csak kb. Szerencs\u00e9re n\u00e9h\u00e1ny sz\u00e1z m\u00e9ter ut\u00e1n visszat\u00e9rtem a ker\u00e9kp\u00e1r\u00fatra. Ott ism\u00e9t tal\u00e1lkoztam egy ismert ker\u00e9kp\u00e1r-vezet\u0151vel. Ez volt az \u00e1ltal\u00e1nosan \u00e9szrevehet\u0151 fekv\u0151hely, amely a b\u00e9csi kij\u00e1ratn\u00e1l vezetett. A &#8222;Te l\u00e1tod egym\u00e1st k\u00e9tszer az \u00e9letedben&#8220; szlogenrel. Kapcsolattam a hollandiai Kees-szel, \u00e9s ezen a csod\u00e1latos napon egy\u00fctt ment\u00fcnk Budapestre.<\/p>\n\n\n\n<p>Egy recumbensr\u0151l ismert, hogy gyors \u00faton van, \u00e9s nagyon gyorsan r\u00e1j\u00f6ttem. \u00cdgy 25 \u00e9s majdnem 30 km \/ h k\u00f6z\u00f6tt hengerelt\u00fck az aszfalton. Egy kor\u00e1bbi er\u0151d romjain egy nagy ker\u00e9kp\u00e1ros t\u00fara csoport volt, k\u00fcl\u00f6nben itt tal\u00e1lkoztunk az els\u0151 n\u00e9h\u00e1ny ker\u00e9kp\u00e1rosn\u00e1l. Az els\u0151 50 km-t m\u00e1r 2,5 \u00f3ra m\u00falva megr\u00e1ntott\u00e1k. \u00c9n is b\u00fcszke voltam magamra. Az utols\u00f3 szlov\u00e1kiai \u0160t\u00farovo v\u00e1rosban t\u00fal kor\u00e1n vett\u00fcnk egy \u00e1gat a h\u00edd ir\u00e1ny\u00e1ba, \u00e9s k\u00f6nnyen elesett. De ez nem volt probl\u00e9ma, sokan besz\u00e9lnek itt magyarul, \u00e9s egy szlov\u00e1k a ker\u00e9kp\u00e1ron, majd a d\u00f6nt\u0151 h\u00eddon. A legjobb k\u00f6sz\u00f6nettel Kees \u00e9s \u00e9n jobbra fordultunk, \u00e9s seg\u00edt\u0151nk egyenesen el\u0151re haladt.<\/p>\n\n\n\n<p>A h\u00eddn\u00e1l egy fot\u00f3meg\u00e1ll\u00f3t vett\u00fcnk, hogy messze megcsod\u00e1lhassuk Esztergom leny\u0171g\u00f6z\u0151 bazilik\u00e1j\u00e1t. T\u00e1volr\u00f3l l\u00e1that\u00f3 volt. A val\u00f3di magyar oldalra val\u00f3 \u00e1tkel\u00e9s term\u00e9szetesen tiszta izgalom volt sz\u00e1momra! Az Easy Augenpippi \u00e9s a goosebumps nagy \u00f6r\u00f6m\u00fcket adt\u00e1k a saj\u00e1t m\u00e1sodik otthonuknak \u00e9s egy er\u0151s &#8222;Szia!&#8220; -Nek.<\/p>\n\n\n\n<p>Esztergomban azt is \u00e9szrevetted, hogy sok z\u00e1rt \u00e9tel, vagy csak egy kezelhet\u0151 \u00e9telv\u00e1laszt\u00e9k mutatta be, hogy Kees \u00e9s \u00e9n azt\u00e1n egy \u00e9tterembe ment\u00fcnk, \u00e9s egy gyermektartalm\u00fa pulyka s\u00fclt krumplival megengedt\u00fck, k\u00fcl\u00f6nben a tipikus b\u0151s\u00e9ges adagokat meg tudtuk \u00f6nmagukban dobni M\u00e9g ker\u00e9kp\u00e1r n\u00e9lk\u00fcl is Nem tudom mi\u00e9rt, de valahogy Esztergomnak nem tetszik nekem igaza. Itt volt a harmadik alkalom, \u00e9s mindig sz\u00fcrke lesz az \u00e9gen, ez\u00fattal a dolgok is kicsit m\u00e1snak t\u0171ntek, \u00e9s egy kicsit gyorsabban kerest\u00fcnk. Ez 2016-ra eml\u00e9keztetett, amikor Didi \u00e9s azt hittem, hogy b\u00e1rmikor eshet, de igaza van! De szerencs\u00e9re semmi sem j\u00f6tt le. \u00cdgy ez\u00fattal elment a Bellevue Hoteln\u00e9l, \u00e9s a t\u00f3n\u00e1l tal\u00e1lhat\u00f3 snackb\u00e1rra val\u00f3 leereszked\u00e9s is le\u00e1llt. A Pilismar\u00f3tr\u00f3l Szobra val\u00f3 eljut\u00e1s d\u00f6nt\u0151 fontoss\u00e1g\u00fa volt, mert csak \u00f3r\u00e1nk\u00e9nt fut, \u00e9s nem v\u00e1ltoztatja meg az oldalakat Sz\u00e1szorsz\u00e1gban \u00e9s Ausztri\u00e1ban.<br> De persze mind\u00f6ssze 10 perccel volt el\u0151tt\u00fcnk, a m\u00e1sik oldalon megv\u00e1ltozott, \u00e9s Kees-nek \u00e9s nekem egy j\u00f3 40 percet v\u00e1rtunk. De nem maradtunk egyed\u00fcl. Egy bar\u00e1ttal egy\u00fctt egy apa, egy francia \u00e9s egy olasz h\u00e1zasp\u00e1r is &#8211; multikulturalizmus \u00e9s nemzetk\u00f6zi meg\u00e9rt\u00e9s, ahogy tetszik! \u00cdgy a v\u00e1rakoz\u00e1si id\u0151 gyorsan elment, \u00e9s v\u00e9g\u00fcl siker\u00fclt elkapni a kompot.<\/p>\n\n\n\n<p>A m\u00e1sik oldalon, Szob v\u00e1ros\u00e1nak partj\u00e1n, ez\u00fattal nem volt ir\u00e1ny\u00e1llom\u00e1s &#8211; mert az id\u0151j\u00e1r\u00e1s m\u00e9g mindig nagy volt -, de ez\u00fattal jobbra fordultunk a ker\u00e9kp\u00e1r\u00fatra, \u00e9s egy k\u00f6vezett ker\u00e9kp\u00e1r\u00faton ment a vas\u00fatvonal ment\u00e9n. A m\u00e1sik oldalon, Szob v\u00e1ros\u00e1nak partj\u00e1n, ez\u00fattal nem volt ir\u00e1ny\u00e1llom\u00e1s &#8211; mert az id\u0151j\u00e1r\u00e1s m\u00e9g mindig nagy volt -, de ez\u00fattal jobbra fordultunk a ker\u00e9kp\u00e1r\u00fatra, \u00e9s egy k\u00f6vezett ker\u00e9kp\u00e1r\u00faton ment a vas\u00fatvonal ment\u00e9n. N\u00e9h\u00e1ny l\u00f3 v\u00e9g\u00fcl megjelent. Eredetileg a magyarok is lovasok voltak, de ma a dolgok nagyon k\u00fcl\u00f6nb\u00f6z\u0151ek. Sajnos az \u00faj t\u00e9rdf\u00e1jdalom nem javult, \u00edgy csak mintegy 20 dolgot kerest\u00fcnk. Ez szinte teljesen elmaradt az ism\u00e9tl\u0151d\u0151 spont\u00e1n sz\u00far\u00e1st\u00f3l. De egy h\u00eddn\u00e1l ism\u00e9t &#8222;brut\u00e1lis&#8220; volt, \u00edgy term\u00e9szetesen nem j\u00f6ttem lend\u00fcletbe az \u00edvh\u00edd felett, de a f\u00e9keket felemeltem, majd visszafel\u00e9 kellett l\u00f6kni\u00fck, \u00e9s a h\u00edd \u00fajraind\u00edt\u00e1s\u00e1val elsaj\u00e1t\u00edtottam &#8211; t\u00e9nyleg a pillanatban a hangjelz\u00e9shez. Ellenkez\u0151 esetben j\u00f3 volt, hogy a ker\u00e9kp\u00e1r\u00fat t\u00e1vol volt az \u00fatr\u00f3l, vagy legal\u00e1bbis elk\u00fcl\u00f6n\u00fclt az \u00fatt\u00f3l.<\/p>\n\n\n\n<p>Egy ponton a nagy kuty\u00e1m szeret\u0151je sz\u00edvesen \u00f6r\u00fclt, amikor l\u00e1ttam egy kis csomagot. Sz\u00e9pek voltak, hogy megn\u00e9zhess\u00e9k, egyik\u00fck m\u00e9g a ritka feh\u00e9r \/ kr\u00e9m hangon is, szem\u00e9lyes kedvencem. Term\u00e9szetesen az Annelore-ra kellett gondolnunk, aki szint\u00e9n elvesztette a sz\u00edv\u00e9t a Pumisnak. \u00c9rzelmileg \u00e9rezheti mag\u00e1t, hogy ez t\u00f6rt\u00e9nt velem. Kismarost\u00f3l egy kicsit vissza vagyunk az \u00fatra, miel\u0151tt visszat\u00e9rt\u00fcnk a k\u00fcl\u00f6n\u00e1ll\u00f3 ker\u00e9kp\u00e1r\u00fatra. Ennek a k\u00e9s\u0151bbi p\u00e1ly\u00e1n kellett lennie, n\u00e9ha egy r\u00e9gi vid\u00e9ki \u00faton. Egy kicsit dombos volt, de rendben van.<br> V\u00e9g\u00fcl eljutottunk az idilli V\u00e1c helyhez, ahol sajnos a komp, de azt\u00e1n elv\u00e1lasztottunk. M\u00e1r 18:00 volt, hossz\u00fa nap volt Kees sz\u00e1m\u00e1ra, \u00e9s nem akarta velem az utols\u00f3 13 km-t vezetni. Term\u00e9szetesen sz\u00e1nalmasnak tal\u00e1ltam, mert val\u00f3ban meg akartam h\u00edvni egy vacsor\u00e1ra, hogy az eb\u00e9dre visszat\u00e9rhessek a sz\u00edvess\u00e9gre. De a k\u00f6vetkez\u0151 napon velem j\u00f3 130 km-t, az eg\u00e9sz turn\u00e9 leghosszabb napj\u00e1t, mert m\u00e9g 13 km-t nem tudtam haszn\u00e1lni. A komp fel\u00e9 m\u00e1r a fed\u00e9lzeten m\u00e1r 666 km-t fedeztem fel an\u00e9lk\u00fcl, hogy val\u00f3di meghib\u00e1sod\u00e1s t\u00f6rt\u00e9nt a ker\u00e9kp\u00e1ron! Gyorsan kicser\u00e9lt\u00fck a kapcsolattart\u00f3 adatait a komppal, hogy k\u00e9s\u0151bb kicser\u00e9lj\u00fck a k\u00e9peket. Kees ott ment a kempingbe, \u00e9s r\u00f6vid id\u0151 m\u00falva visszamentem a Duna jobb partj\u00e1hoz. \u00c9s \u00edme, a francia p\u00e1r is rajta volt.<\/p>\n\n\n\n<p>A m\u00e1sik oldalon meg\u00e9rkeztem a legrosszabb kedvet. Az eg\u00e9sz turn\u00e9n megmentettem \u00e9s hirtelen ott vannak, a sz\u00fanyogok \u2026 valahogy viccesek. \u00c9s n\u00e9h\u00e1ny 100 m\u00e9terrel k\u00e9s\u0151bb egy kis es\u0151zuhany j\u00f6tt le. Nagyszer\u0171, gondoltam. A s\u00e1tornak az es\u0151ben kell lennie ?! De szerencs\u00e9re csak egy zuhany volt. A k\u00f6vetkez\u0151 faluban Tahit\u00f3tfalu-ban valahogy \u00f6sszezavarodtam az \u00fatb\u00f3l, am\u00edg v\u00e9g\u00fcl el nem \u00e9rem a h\u00eddot, \u00e9s ism\u00e9t meg\u00e9rkeztem a Duna egyik \u00e1g\u00e1ra a &#8222;sz\u00e1razf\u00f6ld\u00f6n&#8220;.<\/p>\n\n\n\n<p>A Tahit\u00f3tfalu-ban sajnos r\u00e9szt kellett vennem az utcai forgalomban, de sz\u00fcletett v\u00e1rosi lakosk\u00e9nt meglehet\u0151sen j\u00f3l megvertem a darabon, miel\u0151tt ism\u00e9t k\u00fcl\u00f6n ker\u00e9kp\u00e1r\u00fatra indultam. Ez n\u00e9ha t\u00f6bb parkban, stb. Vezetett n\u00e9ha ism\u00e9t a Duna ment\u00e9n, am\u00edg meg\u00e9rkeztem egy \u00f3r\u00e1val a komppal, majd a Papsziget sziget\u00e9n tal\u00e1lhat\u00f3 kemping v\u00e9g\u00fcl meg\u00e9rkezett. M\u00e9g a bej\u00e1rat el\u0151tt megkaptam egy kebab-\u00e9ttermet, amely 11 \u00e9vvel ezel\u0151tt m\u00e9g mindig cs\u00e1rda volt &#8211; az id\u0151k j\u00f3l megv\u00e1ltoztak itt a recepci\u00f3n. \u00c9n melegen \u00fcdv\u00f6z\u00f6ltem, \u00e9s sz\u00f3 szerint r\u00e9szt vettem egy besz\u00e9lget\u00e9sben. Nem csoda, hogy ha van a h\u0171v\u00f6s LADA mez, akkor val\u00f3ban be van kapcsolva, \u00e9s azt is meger\u0151s\u00edtette, hogy veszek egy Lada-t, mint egy Dacia &#8211; ez igaz!<br>\n\u00c9hes voltam, \u00e9s a kedves h\u00f6lgy vizes lett, hogy L\u00e1ngos lenne a b\u00fcf\u00e9 mellett, egyel\u0151re \u00e1tk\u00f6lt\u00f6ztem. De a L\u00e1ngoswunsch-nal t\u00fal k\u00e9s\u0151n j\u00f6ttem, \u00e9s v\u00e9g\u00fcl k\u00e9t hamburgert (n\u00e9met nyelv\u0171 kebab pap\u00edrba csomagolva) vacsor\u00e1zott. Az \u00f3ra is meg\u00fct\u00f6tte a 20-at, \u00e9s egy csendes helyet kerestem a s\u00e1torhoz, amit m\u00e9g egyszer megv\u00e1ltoztattam a s\u00f6t\u00e9tben, de \u00e9ppen az eg\u00e9szs\u00e9g\u00fcgyi sz\u00e1rny k\u00f6zel\u00e9ben (a recepci\u00f3 aj\u00e1nl\u00e1sa). A foganty\u00fak \u00fcltek, \u00e9s az \u00e1gynem\u0171 \u00fajra elk\u00e9sz\u00fclt. A szaniter \u00e9p\u00fcletben ism\u00e9t \u201ek\u00e9nyelmesen\u201d \u00e1lltam fel, \u00e9s az aljzatokat arra haszn\u00e1ltam, hogy a telefont j\u00f3 hangulatban tarts\u00e1k, mik\u00f6zben ism\u00e9t sz\u00e9tsz\u00f3rtam a napi utaz\u00e1si jelent\u00e9seket \u00e9s k\u00e9peket a vil\u00e1gon. Mivel s\u00f6t\u00e9t volt \u00e9s friss volt id\u0151nk\u00e9nt &#8211; m\u00e1r szeptember volt &#8211; lassan ment el nekem, majd a Heia-ban!<\/p>\n","protected":false},"excerpt":{"rendered":"<p>Miut\u00e1n a riaszt\u00e1s megsz\u00f3lalt, \u00e9s az akkumul\u00e1tor ism\u00e9t \u00fcres volt, 8:00 \u00f3ra volt a s\u00e1torb\u00f3l. A csomagol\u00e1s most m\u00e1r hatodik alkalommal ism\u00e9tl\u0151dik, \u00e9s mindig jobb lesz. Mivel azonban a &#8222;szomsz\u00e9dokkal&#8220; ism\u00e9t besz\u00e9lget\u00e9sbe j\u00f6ttem, v\u00e9g\u00fcl csak kb. Szerencs\u00e9re n\u00e9h\u00e1ny sz\u00e1z m\u00e9ter ut\u00e1n visszat\u00e9rtem a ker\u00e9kp\u00e1r\u00fatra. Ott ism\u00e9t tal\u00e1lkoztam egy ismert ker\u00e9kp\u00e1r-vezet\u0151vel. Ez volt az \u00e1ltal\u00e1nosan \u00e9szrevehet\u0151 &hellip; <\/p>\n<p class=\"link-more\"><a href=\"https:\/\/www.niva-stammtisch.de\/?page_id=5327\" class=\"more-link\"><span class=\"screen-reader-text\">\u201e07. TRAVEL DAY &#8211; KOM\u00c1RNO SZENTENDRE-ig (112 km)\u201c <\/span>weiterlesen<\/a><\/p>\n","protected":false},"author":1,"featured_media":0,"parent":5312,"menu_order":0,"comment_status":"closed","ping_status":"closed","template":"","meta":{"footnotes":""},"class_list":["post-5327","page","type-page","status-publish","hentry"],"_links":{"self":[{"href":"https:\/\/www.niva-stammtisch.de\/index.php?rest_route=\/wp\/v2\/pages\/5327","targetHints":{"allow":["GET"]}}],"collection":[{"href":"https:\/\/www.niva-stammtisch.de\/index.php?rest_route=\/wp\/v2\/pages"}],"about":[{"href":"https:\/\/www.niva-stammtisch.de\/index.php?rest_route=\/wp\/v2\/types\/page"}],"author":[{"embeddable":true,"href":"https:\/\/www.niva-stammtisch.de\/index.php?rest_route=\/wp\/v2\/users\/1"}],"replies":[{"embeddable":true,"href":"https:\/\/www.niva-stammtisch.de\/index.php?rest_route=%2Fwp%2Fv2%2Fcomments&post=5327"}],"version-history":[{"count":5,"href":"https:\/\/www.niva-stammtisch.de\/index.php?rest_route=\/wp\/v2\/pages\/5327\/revisions"}],"predecessor-version":[{"id":5333,"href":"https:\/\/www.niva-stammtisch.de\/index.php?rest_route=\/wp\/v2\/pages\/5327\/revisions\/5333"}],"up":[{"embeddable":true,"href":"https:\/\/www.niva-stammtisch.de\/index.php?rest_route=\/wp\/v2\/pages\/5312"}],"wp:attachment":[{"href":"https:\/\/www.niva-stammtisch.de\/index.php?rest_route=%2Fwp%2Fv2%2Fmedia&parent=5327"}],"curies":[{"name":"wp","href":"https:\/\/api.w.org\/{rel}","templated":true}]}}