{"id":4971,"date":"2019-03-17T11:47:53","date_gmt":"2019-03-17T10:47:53","guid":{"rendered":"https:\/\/www.niva-stammtisch.de\/?page_id=4971"},"modified":"2019-03-17T11:48:08","modified_gmt":"2019-03-17T10:48:08","slug":"gruendung","status":"publish","type":"page","link":"https:\/\/www.niva-stammtisch.de\/?page_id=4971","title":{"rendered":"Gr\u00fcndung"},"content":{"rendered":"\n<p>Die Gr\u00fcndung dieses &#8222;Stammtisches&#8220; &#8211; aus der &#8222;Lada Niva IG Deutschland&#8220; heraus &#8211; l\u00e4sst sich auf das erste Kennenlernen von uns (Andr\u00e9, Felix, Sebastian, Tam\u00e1s) zum 3. Internationalen Lada Niva Treffen in Bedheim am letzten Septemberwochenende (28.09. &#8211; 30.09.) des Jahres 2001 zur\u00fcckf\u00fchren. Damals haben wir hin- und hertelefoniert bzw. Emails geschrieben, wer aus der Dresdner Ecke mit wem und so weiter mitf\u00e4hrt. Beim Treffen haben wir uns dann endlich beschnuppern k\u00f6nnen und drei Wochen nach dem Treffen haben wir uns wieder getroffen, um noch Ausgelassenes und beim Treffen erworbene Infomaterialien etc. untereinander auszutauschen. Daf\u00fcr trafen wir uns im &#8222;Caf\u00e9 Italia&#8220; in Dresden. Uns gefiel es so sehr, da\u00df wir von nun an unter uns solche Treffen des \u00f6fteren abhalten wollten, um einmal in Kontakt zu bleiben. Es entstanden neue Ideen und nun mittlerweile auch eine eigene Homepage. In der kurzen Zeit haben wir uns schon ziemlich oft getroffen und man hat neue Freunde gefunden!<br><br>Mittlerweile sind einige Jahre &#8211; wir schreiben nun das Jahr 2015\u00a0&#8211; ins Land gegangen und auch bei uns hat sich einiges getan. Wir betreiben zwar immer noch das Hobby, aber es steht f\u00fcr den einen und anderen nicht mehr so stark im Vordergrund. Die Zeiten \u00e4ndern sich nunmal. So haben sich die Mitgliederzusammenstellung sowie teilweise die Fahrzeuge als nun auch das Layout der Homepage ge\u00e4ndert. Es wird auch zum Teil weniger geschraubt und man kommt weniger komplett zusammen. Aber wir geben die Hoffnung nie auf. Und wenn man sich nur mal zum Grillen oder nur noch 2 bis 3 Events in der Offroadszene trifft. Auch ich (Tam\u00e1s) fahre mittlerweile deutlich weniger zu den vielen Ladatreffen, da man auch mit der Zeit sich andere Priorit\u00e4ten setzt oder auch keinen LADA mehr hat. Aber wie man sieht, kommen auch wieder bessere Zeiten und ich konnte endlich wieder etwas an der Homepage machen\u00a0<\/p>\n","protected":false},"excerpt":{"rendered":"<p>Die Gr\u00fcndung dieses &#8222;Stammtisches&#8220; &#8211; aus der &#8222;Lada Niva IG Deutschland&#8220; heraus &#8211; l\u00e4sst sich auf das erste Kennenlernen von uns (Andr\u00e9, Felix, Sebastian, Tam\u00e1s) zum 3. Internationalen Lada Niva Treffen in Bedheim am letzten Septemberwochenende (28.09. &#8211; 30.09.) des Jahres 2001 zur\u00fcckf\u00fchren. Damals haben wir hin- und hertelefoniert bzw. Emails geschrieben, wer aus der &hellip; <\/p>\n<p class=\"link-more\"><a href=\"https:\/\/www.niva-stammtisch.de\/?page_id=4971\" class=\"more-link\"><span class=\"screen-reader-text\">\u201eGr\u00fcndung\u201c <\/span>weiterlesen<\/a><\/p>\n","protected":false},"author":1,"featured_media":0,"parent":4569,"menu_order":0,"comment_status":"closed","ping_status":"closed","template":"","meta":{"footnotes":""},"class_list":["post-4971","page","type-page","status-publish","hentry"],"_links":{"self":[{"href":"https:\/\/www.niva-stammtisch.de\/index.php?rest_route=\/wp\/v2\/pages\/4971","targetHints":{"allow":["GET"]}}],"collection":[{"href":"https:\/\/www.niva-stammtisch.de\/index.php?rest_route=\/wp\/v2\/pages"}],"about":[{"href":"https:\/\/www.niva-stammtisch.de\/index.php?rest_route=\/wp\/v2\/types\/page"}],"author":[{"embeddable":true,"href":"https:\/\/www.niva-stammtisch.de\/index.php?rest_route=\/wp\/v2\/users\/1"}],"replies":[{"embeddable":true,"href":"https:\/\/www.niva-stammtisch.de\/index.php?rest_route=%2Fwp%2Fv2%2Fcomments&post=4971"}],"version-history":[{"count":1,"href":"https:\/\/www.niva-stammtisch.de\/index.php?rest_route=\/wp\/v2\/pages\/4971\/revisions"}],"predecessor-version":[{"id":4972,"href":"https:\/\/www.niva-stammtisch.de\/index.php?rest_route=\/wp\/v2\/pages\/4971\/revisions\/4972"}],"up":[{"embeddable":true,"href":"https:\/\/www.niva-stammtisch.de\/index.php?rest_route=\/wp\/v2\/pages\/4569"}],"wp:attachment":[{"href":"https:\/\/www.niva-stammtisch.de\/index.php?rest_route=%2Fwp%2Fv2%2Fmedia&parent=4971"}],"curies":[{"name":"wp","href":"https:\/\/api.w.org\/{rel}","templated":true}]}}

Gründung

<p>Die Gründung dieses &#8222;Stammtisches&#8220; &#8211; aus der &#8222;Lada Niva IG Deutschland&#8220; heraus &#8211; lässt sich auf das erste Kennenlernen von uns (André, Felix, Sebastian, Tamás) zum 3. Internationalen Lada Niva Treffen in Bedheim am letzten Septemberwochenende (28.09. &#8211; 30.09.) des Jahres 2001 zurückführen. Damals haben wir hin- und hertelefoniert bzw. Emails geschrieben, wer aus der Dresdner Ecke mit wem und so weiter mitfährt. Beim Treffen haben wir uns dann endlich beschnuppern können und drei Wochen nach dem Treffen haben wir uns wieder getroffen, um noch Ausgelassenes und beim Treffen erworbene Infomaterialien etc. untereinander auszutauschen. Dafür trafen wir uns im &#8222;Café Italia&#8220; in Dresden. Uns gefiel es so sehr, daß wir von nun an unter uns solche Treffen des öfteren abhalten wollten, um einmal in Kontakt zu bleiben. Es entstanden neue Ideen und nun mittlerweile auch eine eigene Homepage. In der kurzen Zeit haben wir uns schon ziemlich oft getroffen und man hat neue Freunde gefunden!<br><br>Mittlerweile sind einige Jahre &#8211; wir schreiben nun das Jahr 2015 &#8211; ins Land gegangen und auch bei uns hat sich einiges getan. Wir betreiben zwar immer noch das Hobby, aber es steht für den einen und anderen nicht mehr so stark im Vordergrund. Die Zeiten ändern sich nunmal. So haben sich die Mitgliederzusammenstellung sowie teilweise die Fahrzeuge als nun auch das Layout der Homepage geändert. Es wird auch zum Teil weniger geschraubt und man kommt weniger komplett zusammen. Aber wir geben die Hoffnung nie auf. Und wenn man sich nur mal zum Grillen oder nur noch 2 bis 3 Events in der Offroadszene trifft. Auch ich (Tamás) fahre mittlerweile deutlich weniger zu den vielen Ladatreffen, da man auch mit der Zeit sich andere Prioritäten setzt oder auch keinen LADA mehr hat. Aber wie man sieht, kommen auch wieder bessere Zeiten und ich konnte endlich wieder etwas an der Homepage machen </p>

<p>Die Gründung dieses &#8222;Stammtisches&#8220; &#8211; aus der &#8222;Lada Niva IG Deutschland&#8220; heraus &#8211; lässt sich auf das erste Kennenlernen von uns (André, Felix, Sebastian, Tamás) zum 3. Internationalen Lada Niva Treffen in Bedheim am letzten Septemberwochenende (28.09. &#8211; 30.09.) des Jahres 2001 zurückführen. Damals haben wir hin- und hertelefoniert bzw. Emails geschrieben, wer aus der &hellip; </p>
<p class="link-more"><a href="https://www.niva-stammtisch.de/?page_id=4971" class="more-link"><span class="screen-reader-text">„Gründung“ </span>weiterlesen</a></p>
