{"id":4945,"date":"2019-03-17T11:04:00","date_gmt":"2019-03-17T10:04:00","guid":{"rendered":"https:\/\/www.niva-stammtisch.de\/?page_id=4945"},"modified":"2019-03-17T11:15:34","modified_gmt":"2019-03-17T10:15:34","slug":"tuning-innen","status":"publish","type":"page","link":"https:\/\/www.niva-stammtisch.de\/?page_id=4945","title":{"rendered":"Tuning Innen"},"content":{"rendered":"\n<ul class=\"wp-block-gallery columns-1 is-cropped wp-block-gallery-1 is-layout-flex wp-block-gallery-is-layout-flex\"><li class=\"blocks-gallery-item\"><figure><a href=\"https:\/\/www.niva-stammtisch.de\/wp-content\/uploads\/008-1.jpg\" rel=\"lightbox[4945]\"><img loading=\"lazy\" decoding=\"async\" width=\"640\" height=\"480\" src=\"https:\/\/www.niva-stammtisch.de\/wp-content\/uploads\/008-1.jpg\" alt=\"\" data-id=\"4706\" data-link=\"https:\/\/www.niva-stammtisch.de\/?attachment_id=4706\" class=\"wp-image-4706\" srcset=\"https:\/\/www.niva-stammtisch.de\/wp-content\/uploads\/008-1.jpg 640w, https:\/\/www.niva-stammtisch.de\/wp-content\/uploads\/008-1-600x450.jpg 600w\" sizes=\"auto, (max-width: 640px) 100vw, 640px\" \/><\/a><figcaption>Notfallhammer griffbereit<\/figcaption><\/figure><\/li><li class=\"blocks-gallery-item\"><figure><a href=\"https:\/\/www.niva-stammtisch.de\/wp-content\/uploads\/009-1.jpg\" rel=\"lightbox[4945]\"><img loading=\"lazy\" decoding=\"async\" width=\"640\" height=\"480\" src=\"https:\/\/www.niva-stammtisch.de\/wp-content\/uploads\/009-1.jpg\" alt=\"\" data-id=\"4707\" data-link=\"https:\/\/www.niva-stammtisch.de\/?attachment_id=4707\" class=\"wp-image-4707\" srcset=\"https:\/\/www.niva-stammtisch.de\/wp-content\/uploads\/009-1.jpg 640w, https:\/\/www.niva-stammtisch.de\/wp-content\/uploads\/009-1-600x450.jpg 600w\" sizes=\"auto, (max-width: 640px) 100vw, 640px\" \/><\/a><figcaption>Zus\u00e4tzliche Ablage schaffen ist immer gut!<\/figcaption><\/figure><\/li><li class=\"blocks-gallery-item\"><figure><a href=\"https:\/\/www.niva-stammtisch.de\/wp-content\/uploads\/010-1.jpg\" rel=\"lightbox[4945]\"><img loading=\"lazy\" decoding=\"async\" width=\"640\" height=\"480\" src=\"https:\/\/www.niva-stammtisch.de\/wp-content\/uploads\/010-1.jpg\" alt=\"\" data-id=\"4708\" data-link=\"https:\/\/www.niva-stammtisch.de\/?attachment_id=4708\" class=\"wp-image-4708\" srcset=\"https:\/\/www.niva-stammtisch.de\/wp-content\/uploads\/010-1.jpg 640w, https:\/\/www.niva-stammtisch.de\/wp-content\/uploads\/010-1-600x450.jpg 600w\" sizes=\"auto, (max-width: 640px) 100vw, 640px\" \/><\/a><figcaption>Traumf\u00e4nger und Komondor-Zotte als Gl\u00fccksbringer.<\/figcaption><\/figure><\/li><li class=\"blocks-gallery-item\"><figure><a href=\"https:\/\/www.niva-stammtisch.de\/wp-content\/uploads\/011.jpg\" rel=\"lightbox[4945]\"><img loading=\"lazy\" decoding=\"async\" width=\"640\" height=\"480\" src=\"https:\/\/www.niva-stammtisch.de\/wp-content\/uploads\/011.jpg\" alt=\"\" data-id=\"4709\" data-link=\"https:\/\/www.niva-stammtisch.de\/?attachment_id=4709\" class=\"wp-image-4709\" srcset=\"https:\/\/www.niva-stammtisch.de\/wp-content\/uploads\/011.jpg 640w, https:\/\/www.niva-stammtisch.de\/wp-content\/uploads\/011-600x450.jpg 600w\" sizes=\"auto, (max-width: 640px) 100vw, 640px\" \/><\/a><figcaption>Funkger\u00e4t links (dr\u00fcber Lautsprecher), RAID Lenkrad in der Mitte, neue Blende rechts \u00fcberm Radio.<\/figcaption><\/figure><\/li><li class=\"blocks-gallery-item\"><figure><a href=\"https:\/\/www.niva-stammtisch.de\/wp-content\/uploads\/012.jpg\" rel=\"lightbox[4945]\"><img loading=\"lazy\" decoding=\"async\" width=\"640\" height=\"480\" src=\"https:\/\/www.niva-stammtisch.de\/wp-content\/uploads\/012.jpg\" alt=\"\" data-id=\"4710\" data-link=\"https:\/\/www.niva-stammtisch.de\/?attachment_id=4710\" class=\"wp-image-4710\" srcset=\"https:\/\/www.niva-stammtisch.de\/wp-content\/uploads\/012.jpg 640w, https:\/\/www.niva-stammtisch.de\/wp-content\/uploads\/012-600x450.jpg 600w\" sizes=\"auto, (max-width: 640px) 100vw, 640px\" \/><\/a><figcaption>Radioverlegung nach oben in die eigentliche Frischluftzuf\u00fchrung<\/figcaption><\/figure><\/li><li class=\"blocks-gallery-item\"><figure><a href=\"https:\/\/www.niva-stammtisch.de\/wp-content\/uploads\/013.jpg\" rel=\"lightbox[4945]\"><img loading=\"lazy\" decoding=\"async\" width=\"640\" height=\"480\" src=\"https:\/\/www.niva-stammtisch.de\/wp-content\/uploads\/013.jpg\" alt=\"\" data-id=\"4711\" data-link=\"https:\/\/www.niva-stammtisch.de\/?attachment_id=4711\" class=\"wp-image-4711\" srcset=\"https:\/\/www.niva-stammtisch.de\/wp-content\/uploads\/013.jpg 640w, https:\/\/www.niva-stammtisch.de\/wp-content\/uploads\/013-600x450.jpg 600w\" sizes=\"auto, (max-width: 640px) 100vw, 640px\" \/><\/a><figcaption>Funkger\u00e4t mittels DIN-Blende in den Radioschacht. Modifizierte Blende dr\u00fcber<\/figcaption><\/figure><\/li><li class=\"blocks-gallery-item\"><figure><a href=\"https:\/\/www.niva-stammtisch.de\/wp-content\/uploads\/014.jpg\" rel=\"lightbox[4945]\"><img loading=\"lazy\" decoding=\"async\" width=\"640\" height=\"480\" src=\"https:\/\/www.niva-stammtisch.de\/wp-content\/uploads\/014.jpg\" alt=\"\" data-id=\"4712\" data-link=\"https:\/\/www.niva-stammtisch.de\/?attachment_id=4712\" class=\"wp-image-4712\" srcset=\"https:\/\/www.niva-stammtisch.de\/wp-content\/uploads\/014.jpg 640w, https:\/\/www.niva-stammtisch.de\/wp-content\/uploads\/014-600x450.jpg 600w\" sizes=\"auto, (max-width: 640px) 100vw, 640px\" \/><\/a><figcaption>Gescheiter Schaltknauf musste gleich nach Kauf drauf.<\/figcaption><\/figure><\/li><li class=\"blocks-gallery-item\"><figure><a href=\"https:\/\/www.niva-stammtisch.de\/wp-content\/uploads\/015.jpg\" rel=\"lightbox[4945]\"><img loading=\"lazy\" decoding=\"async\" width=\"640\" height=\"480\" src=\"https:\/\/www.niva-stammtisch.de\/wp-content\/uploads\/015.jpg\" alt=\"\" data-id=\"4713\" data-link=\"https:\/\/www.niva-stammtisch.de\/?attachment_id=4713\" class=\"wp-image-4713\" srcset=\"https:\/\/www.niva-stammtisch.de\/wp-content\/uploads\/015.jpg 640w, https:\/\/www.niva-stammtisch.de\/wp-content\/uploads\/015-600x450.jpg 600w\" sizes=\"auto, (max-width: 640px) 100vw, 640px\" \/><\/a><figcaption>Eine MAGLITE gleich griffbereit am Fahrersitz \ud83d\ude42<\/figcaption><\/figure><\/li><li class=\"blocks-gallery-item\"><figure><a href=\"https:\/\/www.niva-stammtisch.de\/wp-content\/uploads\/016.jpg\" rel=\"lightbox[4945]\"><img loading=\"lazy\" decoding=\"async\" width=\"640\" height=\"480\" src=\"https:\/\/www.niva-stammtisch.de\/wp-content\/uploads\/016.jpg\" alt=\"\" data-id=\"4714\" data-link=\"https:\/\/www.niva-stammtisch.de\/?attachment_id=4714\" class=\"wp-image-4714\" srcset=\"https:\/\/www.niva-stammtisch.de\/wp-content\/uploads\/016.jpg 640w, https:\/\/www.niva-stammtisch.de\/wp-content\/uploads\/016-600x450.jpg 600w\" sizes=\"auto, (max-width: 640px) 100vw, 640px\" \/><\/a><figcaption>Ungarische, passende Sitzbez\u00fcge. N\u00e4mlich nicht so einfach bei den Vordersitzen.<\/figcaption><\/figure><\/li><li class=\"blocks-gallery-item\"><figure><a href=\"https:\/\/www.niva-stammtisch.de\/wp-content\/uploads\/017.jpg\" rel=\"lightbox[4945]\"><img loading=\"lazy\" decoding=\"async\" width=\"640\" height=\"480\" src=\"https:\/\/www.niva-stammtisch.de\/wp-content\/uploads\/017.jpg\" alt=\"\" data-id=\"4715\" data-link=\"https:\/\/www.niva-stammtisch.de\/?attachment_id=4715\" class=\"wp-image-4715\" srcset=\"https:\/\/www.niva-stammtisch.de\/wp-content\/uploads\/017.jpg 640w, https:\/\/www.niva-stammtisch.de\/wp-content\/uploads\/017-600x450.jpg 600w\" sizes=\"auto, (max-width: 640px) 100vw, 640px\" \/><\/a><figcaption>Bedruckte Gurtpolster aus Polen<\/figcaption><\/figure><\/li><li class=\"blocks-gallery-item\"><figure><a href=\"https:\/\/www.niva-stammtisch.de\/wp-content\/uploads\/020.jpg\" rel=\"lightbox[4945]\"><img loading=\"lazy\" decoding=\"async\" width=\"640\" height=\"480\" src=\"https:\/\/www.niva-stammtisch.de\/wp-content\/uploads\/020.jpg\" alt=\"\" data-id=\"4716\" data-link=\"https:\/\/www.niva-stammtisch.de\/?attachment_id=4716\" class=\"wp-image-4716\" srcset=\"https:\/\/www.niva-stammtisch.de\/wp-content\/uploads\/020.jpg 640w, https:\/\/www.niva-stammtisch.de\/wp-content\/uploads\/020-600x450.jpg 600w\" sizes=\"auto, (max-width: 640px) 100vw, 640px\" \/><\/a><figcaption>Kopfst\u00fctzen hinten bekamen noch gescheite Bez\u00fcge<\/figcaption><\/figure><\/li><li class=\"blocks-gallery-item\"><figure><a href=\"https:\/\/www.niva-stammtisch.de\/wp-content\/uploads\/021.jpg\" rel=\"lightbox[4945]\"><img loading=\"lazy\" decoding=\"async\" width=\"640\" height=\"480\" src=\"https:\/\/www.niva-stammtisch.de\/wp-content\/uploads\/021.jpg\" alt=\"\" data-id=\"4717\" data-link=\"https:\/\/www.niva-stammtisch.de\/?attachment_id=4717\" class=\"wp-image-4717\" srcset=\"https:\/\/www.niva-stammtisch.de\/wp-content\/uploads\/021.jpg 640w, https:\/\/www.niva-stammtisch.de\/wp-content\/uploads\/021-600x450.jpg 600w\" sizes=\"auto, (max-width: 640px) 100vw, 640px\" \/><\/a><figcaption>Gurtpolster hinten nochmals bedruckt.<\/figcaption><\/figure><\/li><li class=\"blocks-gallery-item\"><figure><a href=\"https:\/\/www.niva-stammtisch.de\/wp-content\/uploads\/022.jpg\" rel=\"lightbox[4945]\"><img loading=\"lazy\" decoding=\"async\" width=\"640\" height=\"480\" src=\"https:\/\/www.niva-stammtisch.de\/wp-content\/uploads\/022.jpg\" alt=\"\" data-id=\"4718\" data-link=\"https:\/\/www.niva-stammtisch.de\/?attachment_id=4718\" class=\"wp-image-4718\" srcset=\"https:\/\/www.niva-stammtisch.de\/wp-content\/uploads\/022.jpg 640w, https:\/\/www.niva-stammtisch.de\/wp-content\/uploads\/022-600x450.jpg 600w\" sizes=\"auto, (max-width: 640px) 100vw, 640px\" \/><\/a><figcaption>Die hinteren Lautsprecher kamen dann nach oben ans Dach.<\/figcaption><\/figure><\/li><li class=\"blocks-gallery-item\"><figure><a href=\"https:\/\/www.niva-stammtisch.de\/wp-content\/uploads\/024.jpg\" rel=\"lightbox[4945]\"><img loading=\"lazy\" decoding=\"async\" width=\"640\" height=\"480\" src=\"https:\/\/www.niva-stammtisch.de\/wp-content\/uploads\/024.jpg\" alt=\"\" data-id=\"4719\" data-link=\"https:\/\/www.niva-stammtisch.de\/?attachment_id=4719\" class=\"wp-image-4719\" srcset=\"https:\/\/www.niva-stammtisch.de\/wp-content\/uploads\/024.jpg 640w, https:\/\/www.niva-stammtisch.de\/wp-content\/uploads\/024-600x450.jpg 600w\" sizes=\"auto, (max-width: 640px) 100vw, 640px\" \/><\/a><figcaption>An der Heckklappe kamen noch zwei Ablagenetzte f\u00fcr Handschuhe und Klopapier \ud83d\ude09<\/figcaption><\/figure><\/li><\/ul>\n","protected":false},"excerpt":{"rendered":"","protected":false},"author":1,"featured_media":0,"parent":4948,"menu_order":0,"comment_status":"closed","ping_status":"closed","template":"","meta":{"footnotes":""},"class_list":["post-4945","page","type-page","status-publish","hentry"],"_links":{"self":[{"href":"https:\/\/www.niva-stammtisch.de\/index.php?rest_route=\/wp\/v2\/pages\/4945","targetHints":{"allow":["GET"]}}],"collection":[{"href":"https:\/\/www.niva-stammtisch.de\/index.php?rest_route=\/wp\/v2\/pages"}],"about":[{"href":"https:\/\/www.niva-stammtisch.de\/index.php?rest_route=\/wp\/v2\/types\/page"}],"author":[{"embeddable":true,"href":"https:\/\/www.niva-stammtisch.de\/index.php?rest_route=\/wp\/v2\/users\/1"}],"replies":[{"embeddable":true,"href":"https:\/\/www.niva-stammtisch.de\/index.php?rest_route=%2Fwp%2Fv2%2Fcomments&post=4945"}],"version-history":[{"count":2,"href":"https:\/\/www.niva-stammtisch.de\/index.php?rest_route=\/wp\/v2\/pages\/4945\/revisions"}],"predecessor-version":[{"id":4947,"href":"https:\/\/www.niva-stammtisch.de\/index.php?rest_route=\/wp\/v2\/pages\/4945\/revisions\/4947"}],"up":[{"embeddable":true,"href":"https:\/\/www.niva-stammtisch.de\/index.php?rest_route=\/wp\/v2\/pages\/4948"}],"wp:attachment":[{"href":"https:\/\/www.niva-stammtisch.de\/index.php?rest_route=%2Fwp%2Fv2%2Fmedia&parent=4945"}],"curies":[{"name":"wp","href":"https:\/\/api.w.org\/{rel}","templated":true}]}}