{"id":4602,"date":"2019-03-16T19:47:31","date_gmt":"2019-03-16T18:47:31","guid":{"rendered":"https:\/\/www.niva-stammtisch.de\/?page_id=4602"},"modified":"2019-03-17T16:41:31","modified_gmt":"2019-03-17T15:41:31","slug":"ursprung","status":"publish","type":"page","link":"https:\/\/www.niva-stammtisch.de\/?page_id=4602","title":{"rendered":"Ursprung"},"content":{"rendered":"\n<p>Alles begann mit dem Lada-Welt Treffen bei Bamberg im September des Jahres 2003. Dort lernte ich Frank aus Leipzig und Ecki aus Zabeltitz kennen. Martin aus Cottbus kannte ich zu dem Zeitpunkt schon. Da wir beschlossen hatten, gemeinsam im Konvoi wieder nach Hause zu fahren und nicht einfach per Autobahn den k\u00fcrzesten Weg nahmen, sondern \u00fcber Th\u00fcringen ein wenig die Landschaft genie\u00dfen wollten, traten wir Sonntag nach der F\u00fchrung durch Bamberg gemeinsam den Heimweg an. <br>Doch die Freude w\u00e4hrte nur sehr kurz, da Martins Samara st\u00e4ndig im Stand ausging und manchmal nicht gleich anspringen wollte. Durch die mehreren Stopps haben wir f\u00fcr die ersten 100 km eine Ewigkeit gebraucht, es waren Stunden. Trotz Z\u00fcndkerzenwechsel brachte es der St\u00f6rung keinen Abbruch, bis wir dann an einer Tankstelle mit Pannendienst anhielten und den Wagen checken lassen wollten. Leider Fehlanzeige. Also damals die Hotline angerufen, Abschlepper kommen lassen und dann waren es nur noch drei Autos. Martin hatte dann die M\u00f6glichkeit, in 3 Lada Nova Kombis mitfahren zu k\u00f6nnen. Dann ging es auch wirklich flott voran und um Mitternacht war ich dann auch wieder daheim in Dresden.<br>Wenn ich \u00fcberlege, dass ich mit Martin hinzu \u00fcber die Autobahn nur zweieinhalb Stunden brauchte. Diese Tour hatte uns ein wenig zusammengeschwei\u00dft. Dadurch sind wir in Kontakt geblieben und wollten uns schnell wieder treffen. <br>So kam es, dass wir uns zu viert im Januar 2004 an einem sch\u00f6nen Wintersamstag trafen und das erste Mal Zabeltitz unsicher gemacht wurde. Daraufhin beschlossen wir, es gr\u00f6\u00dfer aufzuziehen und seither findet im Januar das Zabeltitzer LADAtreffen statt. Auf dass es daraufhin immer sehr gut besucht wird!<\/p>\n\n\n\n<ul class=\"wp-block-gallery columns-1 is-cropped wp-block-gallery-1 is-layout-flex wp-block-gallery-is-layout-flex\"><li class=\"blocks-gallery-item\"><figure><img loading=\"lazy\" decoding=\"async\" width=\"1200\" height=\"900\" src=\"https:\/\/www.niva-stammtisch.de\/wp-content\/uploads\/R0011055-Kopie-1-1200x900.jpg\" alt=\"\" data-id=\"5059\" data-link=\"https:\/\/www.niva-stammtisch.de\/?attachment_id=5059\" class=\"wp-image-5059\" srcset=\"https:\/\/www.niva-stammtisch.de\/wp-content\/uploads\/R0011055-Kopie-1.jpg 1200w, https:\/\/www.niva-stammtisch.de\/wp-content\/uploads\/R0011055-Kopie-1-600x450.jpg 600w, https:\/\/www.niva-stammtisch.de\/wp-content\/uploads\/R0011055-Kopie-1-768x576.jpg 768w\" sizes=\"auto, (max-width: 767px) 89vw, (max-width: 1000px) 54vw, (max-width: 1071px) 543px, 580px\" \/><\/figure><\/li><\/ul>\n","protected":false},"excerpt":{"rendered":"<p>Alles begann mit dem Lada-Welt Treffen bei Bamberg im September des Jahres 2003. Dort lernte ich Frank aus Leipzig und Ecki aus Zabeltitz kennen. Martin aus Cottbus kannte ich zu dem Zeitpunkt schon. Da wir beschlossen hatten, gemeinsam im Konvoi wieder nach Hause zu fahren und nicht einfach per Autobahn den k\u00fcrzesten Weg nahmen, sondern &hellip; <\/p>\n<p class=\"link-more\"><a href=\"https:\/\/www.niva-stammtisch.de\/?page_id=4602\" class=\"more-link\"><span class=\"screen-reader-text\">\u201eUrsprung\u201c <\/span>weiterlesen<\/a><\/p>\n","protected":false},"author":1,"featured_media":0,"parent":4600,"menu_order":8,"comment_status":"closed","ping_status":"closed","template":"","meta":{"footnotes":""},"class_list":["post-4602","page","type-page","status-publish","hentry"],"_links":{"self":[{"href":"https:\/\/www.niva-stammtisch.de\/index.php?rest_route=\/wp\/v2\/pages\/4602","targetHints":{"allow":["GET"]}}],"collection":[{"href":"https:\/\/www.niva-stammtisch.de\/index.php?rest_route=\/wp\/v2\/pages"}],"about":[{"href":"https:\/\/www.niva-stammtisch.de\/index.php?rest_route=\/wp\/v2\/types\/page"}],"author":[{"embeddable":true,"href":"https:\/\/www.niva-stammtisch.de\/index.php?rest_route=\/wp\/v2\/users\/1"}],"replies":[{"embeddable":true,"href":"https:\/\/www.niva-stammtisch.de\/index.php?rest_route=%2Fwp%2Fv2%2Fcomments&post=4602"}],"version-history":[{"count":4,"href":"https:\/\/www.niva-stammtisch.de\/index.php?rest_route=\/wp\/v2\/pages\/4602\/revisions"}],"predecessor-version":[{"id":5060,"href":"https:\/\/www.niva-stammtisch.de\/index.php?rest_route=\/wp\/v2\/pages\/4602\/revisions\/5060"}],"up":[{"embeddable":true,"href":"https:\/\/www.niva-stammtisch.de\/index.php?rest_route=\/wp\/v2\/pages\/4600"}],"wp:attachment":[{"href":"https:\/\/www.niva-stammtisch.de\/index.php?rest_route=%2Fwp%2Fv2%2Fmedia&parent=4602"}],"curies":[{"name":"wp","href":"https:\/\/api.w.org\/{rel}","templated":true}]}}

<p>Alles begann mit dem Lada-Welt Treffen bei Bamberg im September des Jahres 2003. Dort lernte ich Frank aus Leipzig und Ecki aus Zabeltitz kennen. Martin aus Cottbus kannte ich zu dem Zeitpunkt schon. Da wir beschlossen hatten, gemeinsam im Konvoi wieder nach Hause zu fahren und nicht einfach per Autobahn den kürzesten Weg nahmen, sondern über Thüringen ein wenig die Landschaft genießen wollten, traten wir Sonntag nach der Führung durch Bamberg gemeinsam den Heimweg an. <br>Doch die Freude währte nur sehr kurz, da Martins Samara ständig im Stand ausging und manchmal nicht gleich anspringen wollte. Durch die mehreren Stopps haben wir für die ersten 100 km eine Ewigkeit gebraucht, es waren Stunden. Trotz Zündkerzenwechsel brachte es der Störung keinen Abbruch, bis wir dann an einer Tankstelle mit Pannendienst anhielten und den Wagen checken lassen wollten. Leider Fehlanzeige. Also damals die Hotline angerufen, Abschlepper kommen lassen und dann waren es nur noch drei Autos. Martin hatte dann die Möglichkeit, in 3 Lada Nova Kombis mitfahren zu können. Dann ging es auch wirklich flott voran und um Mitternacht war ich dann auch wieder daheim in Dresden.<br>Wenn ich überlege, dass ich mit Martin hinzu über die Autobahn nur zweieinhalb Stunden brauchte. Diese Tour hatte uns ein wenig zusammengeschweißt. Dadurch sind wir in Kontakt geblieben und wollten uns schnell wieder treffen. <br>So kam es, dass wir uns zu viert im Januar 2004 an einem schönen Wintersamstag trafen und das erste Mal Zabeltitz unsicher gemacht wurde. Daraufhin beschlossen wir, es größer aufzuziehen und seither findet im Januar das Zabeltitzer LADAtreffen statt. Auf dass es daraufhin immer sehr gut besucht wird!</p>



<ul class="wp-block-gallery columns-1 is-cropped wp-block-gallery-1 is-layout-flex wp-block-gallery-is-layout-flex"><li class="blocks-gallery-item"><figure><img loading="lazy" decoding="async" width="1200" height="900" src="https://www.niva-stammtisch.de/wp-content/uploads/R0011055-Kopie-1-1200x900.jpg" alt="" data-id="5059" data-link="https://www.niva-stammtisch.de/?attachment_id=5059" class="wp-image-5059" srcset="https://www.niva-stammtisch.de/wp-content/uploads/R0011055-Kopie-1.jpg 1200w, https://www.niva-stammtisch.de/wp-content/uploads/R0011055-Kopie-1-600x450.jpg 600w, https://www.niva-stammtisch.de/wp-content/uploads/R0011055-Kopie-1-768x576.jpg 768w" sizes="auto, (max-width: 767px) 89vw, (max-width: 1000px) 54vw, (max-width: 1071px) 543px, 580px" /></figure></li></ul>

<p>Alles begann mit dem Lada-Welt Treffen bei Bamberg im September des Jahres 2003. Dort lernte ich Frank aus Leipzig und Ecki aus Zabeltitz kennen. Martin aus Cottbus kannte ich zu dem Zeitpunkt schon. Da wir beschlossen hatten, gemeinsam im Konvoi wieder nach Hause zu fahren und nicht einfach per Autobahn den kürzesten Weg nahmen, sondern &hellip; </p>
<p class="link-more"><a href="https://www.niva-stammtisch.de/?page_id=4602" class="more-link"><span class="screen-reader-text">„Ursprung“ </span>weiterlesen</a></p>
