{"id":4569,"date":"2019-03-16T19:14:21","date_gmt":"2019-03-16T18:14:21","guid":{"rendered":"https:\/\/www.niva-stammtisch.de\/?page_id=4569"},"modified":"2019-03-17T11:46:56","modified_gmt":"2019-03-17T10:46:56","slug":"niva-stammtisch-dresden","status":"publish","type":"page","link":"https:\/\/www.niva-stammtisch.de\/?page_id=4569","title":{"rendered":"Niva-Stammtisch-Dresden"},"content":{"rendered":"\n<p>Hier erfahrt Ihr alles rund um den Niva-Stammtisch in der Region Dresden, wodurch auch der Name entstanden ist. Auf diesen Seiten soll es vornehmlich haupts\u00e4chlich rund um den Lada Niva (Name bis 2006) \/ Taiga (Name in \u00d6sterreich) \/ 4&#215;4 (Name ab 2006) gehen.\u00a0Wir sind eine kleine Gruppe von Niva-Freunden, die sich durch die Mitgliedschaft in der LADA-NIVA-IG Deutschland sowie des gemeinsamen Besuches des 3. Internationalen Lada Niva Treffens in Bedheim im Jahre 2001 kennen gelernt haben und seither in einer lockeren Gemeinschaft sich immer wieder mal treffen und dem Niva-Hobby fr\u00f6hnen. \u00a0 Aber auf den entsprechenden Seiten erfahrt Ihr dann mehr. Auch hierbei w\u00fcnschen wir viel Spa\u00df beim Schm\u00f6kern.<br><br><br><\/p>\n","protected":false},"excerpt":{"rendered":"<p>Hier erfahrt Ihr alles rund um den Niva-Stammtisch in der Region Dresden, wodurch auch der Name entstanden ist. Auf diesen Seiten soll es vornehmlich haupts\u00e4chlich rund um den Lada Niva (Name bis 2006) \/ Taiga (Name in \u00d6sterreich) \/ 4&#215;4 (Name ab 2006) gehen.\u00a0Wir sind eine kleine Gruppe von Niva-Freunden, die sich durch die Mitgliedschaft &hellip; <\/p>\n<p class=\"link-more\"><a href=\"https:\/\/www.niva-stammtisch.de\/?page_id=4569\" class=\"more-link\"><span class=\"screen-reader-text\">\u201eNiva-Stammtisch-Dresden\u201c <\/span>weiterlesen<\/a><\/p>\n","protected":false},"author":1,"featured_media":0,"parent":0,"menu_order":18,"comment_status":"closed","ping_status":"closed","template":"","meta":{"footnotes":""},"class_list":["post-4569","page","type-page","status-publish","hentry"],"_links":{"self":[{"href":"https:\/\/www.niva-stammtisch.de\/index.php?rest_route=\/wp\/v2\/pages\/4569","targetHints":{"allow":["GET"]}}],"collection":[{"href":"https:\/\/www.niva-stammtisch.de\/index.php?rest_route=\/wp\/v2\/pages"}],"about":[{"href":"https:\/\/www.niva-stammtisch.de\/index.php?rest_route=\/wp\/v2\/types\/page"}],"author":[{"embeddable":true,"href":"https:\/\/www.niva-stammtisch.de\/index.php?rest_route=\/wp\/v2\/users\/1"}],"replies":[{"embeddable":true,"href":"https:\/\/www.niva-stammtisch.de\/index.php?rest_route=%2Fwp%2Fv2%2Fcomments&post=4569"}],"version-history":[{"count":2,"href":"https:\/\/www.niva-stammtisch.de\/index.php?rest_route=\/wp\/v2\/pages\/4569\/revisions"}],"predecessor-version":[{"id":4970,"href":"https:\/\/www.niva-stammtisch.de\/index.php?rest_route=\/wp\/v2\/pages\/4569\/revisions\/4970"}],"wp:attachment":[{"href":"https:\/\/www.niva-stammtisch.de\/index.php?rest_route=%2Fwp%2Fv2%2Fmedia&parent=4569"}],"curies":[{"name":"wp","href":"https:\/\/api.w.org\/{rel}","templated":true}]}}