{"id":4555,"date":"2019-03-16T18:57:07","date_gmt":"2019-03-16T17:57:07","guid":{"rendered":"https:\/\/www.niva-stammtisch.de\/?page_id=4555"},"modified":"2019-03-16T22:05:54","modified_gmt":"2019-03-16T21:05:54","slug":"lada-nova-kombi-gl-1-7i-vaz-210440","status":"publish","type":"page","link":"https:\/\/www.niva-stammtisch.de\/?page_id=4555","title":{"rendered":"Lada Nova Kombi GL 1.7i (VAZ 210440)"},"content":{"rendered":"\n<p>Hier m\u00f6chte ich auf meinen damaligen Lada eingehen, den ich von 2003 bis 2011  als mein erstes Auto und LADA gefahren bin. Dieser war nach Vaters Lada Nova Kombi (aber nur als 1300er mit 2105er Ausstattung) dann der zweite in der Familie. Zuf\u00e4llig auch noch in gleicher Farbe, so dass manche ehemalige Bewohner auf unserer Stra\u00dfe schon dachten, ich h\u00e4tte Vaters Kombi \u00fcbernommen \ud83d\ude09<\/p>\n","protected":false},"excerpt":{"rendered":"<p>Hier m\u00f6chte ich auf meinen damaligen Lada eingehen, den ich von 2003 bis 2011 als mein erstes Auto und LADA gefahren bin. Dieser war nach Vaters Lada Nova Kombi (aber nur als 1300er mit 2105er Ausstattung) dann der zweite in der Familie. Zuf\u00e4llig auch noch in gleicher Farbe, so dass manche ehemalige Bewohner auf unserer &hellip; <\/p>\n<p class=\"link-more\"><a href=\"https:\/\/www.niva-stammtisch.de\/?page_id=4555\" class=\"more-link\"><span class=\"screen-reader-text\">\u201eLada Nova Kombi GL 1.7i (VAZ 210440)\u201c <\/span>weiterlesen<\/a><\/p>\n","protected":false},"author":1,"featured_media":0,"parent":0,"menu_order":18,"comment_status":"closed","ping_status":"closed","template":"","meta":{"footnotes":""},"class_list":["post-4555","page","type-page","status-publish","hentry"],"_links":{"self":[{"href":"https:\/\/www.niva-stammtisch.de\/index.php?rest_route=\/wp\/v2\/pages\/4555","targetHints":{"allow":["GET"]}}],"collection":[{"href":"https:\/\/www.niva-stammtisch.de\/index.php?rest_route=\/wp\/v2\/pages"}],"about":[{"href":"https:\/\/www.niva-stammtisch.de\/index.php?rest_route=\/wp\/v2\/types\/page"}],"author":[{"embeddable":true,"href":"https:\/\/www.niva-stammtisch.de\/index.php?rest_route=\/wp\/v2\/users\/1"}],"replies":[{"embeddable":true,"href":"https:\/\/www.niva-stammtisch.de\/index.php?rest_route=%2Fwp%2Fv2%2Fcomments&post=4555"}],"version-history":[{"count":1,"href":"https:\/\/www.niva-stammtisch.de\/index.php?rest_route=\/wp\/v2\/pages\/4555\/revisions"}],"predecessor-version":[{"id":4556,"href":"https:\/\/www.niva-stammtisch.de\/index.php?rest_route=\/wp\/v2\/pages\/4555\/revisions\/4556"}],"wp:attachment":[{"href":"https:\/\/www.niva-stammtisch.de\/index.php?rest_route=%2Fwp%2Fv2%2Fmedia&parent=4555"}],"curies":[{"name":"wp","href":"https:\/\/api.w.org\/{rel}","templated":true}]}}

<p>Hier möchte ich auf meinen damaligen Lada eingehen, den ich von 2003 bis 2011  als mein erstes Auto und LADA gefahren bin. Dieser war nach Vaters Lada Nova Kombi (aber nur als 1300er mit 2105er Ausstattung) dann der zweite in der Familie. Zufällig auch noch in gleicher Farbe, so dass manche ehemalige Bewohner auf unserer Straße schon dachten, ich hätte Vaters Kombi übernommen 😉</p>

<p>Hier möchte ich auf meinen damaligen Lada eingehen, den ich von 2003 bis 2011 als mein erstes Auto und LADA gefahren bin. Dieser war nach Vaters Lada Nova Kombi (aber nur als 1300er mit 2105er Ausstattung) dann der zweite in der Familie. Zufällig auch noch in gleicher Farbe, so dass manche ehemalige Bewohner auf unserer &hellip; </p>
<p class="link-more"><a href="https://www.niva-stammtisch.de/?page_id=4555" class="more-link"><span class="screen-reader-text">„Lada Nova Kombi GL 1.7i (VAZ 210440)“ </span>weiterlesen</a></p>
