{"id":3554,"date":"2019-02-15T22:21:19","date_gmt":"2019-02-15T21:21:19","guid":{"rendered":"https:\/\/tamas-radelei.de\/?page_id=3554"},"modified":"2019-02-15T22:22:43","modified_gmt":"2019-02-15T21:22:43","slug":"der-hund-direkt-am-fahrrad","status":"publish","type":"page","link":"https:\/\/www.niva-stammtisch.de\/?page_id=3554","title":{"rendered":"Der Hund direkt am Fahrrad"},"content":{"rendered":"\n<p>Zun\u00e4chst band ich die Hundeleine an den Lenker, aber da hatte Bruti die M\u00f6glichkeit, st\u00e4ndig vorm Radel hin und her zu wechseln. Das ging so nicht! Ich fand zuf\u00e4llig die Winkel der St\u00fctzr\u00e4der. In Kombination mit einer etsprechend kurzen Kette als Verbindungsst\u00fcck zwischen Rad und Bruti erwies sich der zweckentfremdete St\u00fctzradwinkel als gar nicht so verkehrt. Jedoch bei abrupptem Hunde-Stop hatte es mich leider auch zweimal hingelegt &#8211; aber ich bin weich im Sand gelandet \ud83d\ude09 Da werden jetzt die Bef\u00fchrworter der &#8222;Leine in der Hand halten&#8220; sich wohl freuen &#8211; aber aufgepasst, man lernt bekanntlich aus seinen Fehlern \ud83d\ude42<\/p>\n\n\n\n<p>Per Zufall bin ich dann an so eine <a rel=\"noreferrer noopener\" aria-label=\"Springer \/ Dogrunner (\u00f6ffnet in neuem Tab)\" href=\"https:\/\/www.kleinmetall.de\/hundezubehoer\/fahrradhalter\/\" target=\"_blank\">Springer \/ Dogrunner<\/a> Halterung f\u00fcr den Hund am Fahrrad gekommen. Statt des St\u00fctzradwinkels kam diese am BMX zum Einsatz. Statt der beigef\u00fcgten Kunststoffschnurr samt Plastehaken habe ich die Kette mit je einem stabilen Karabiner an den Enden genommen! Durch das konstruktive Federelement der Halterung konnte ich bei abruppten Richtungswechseln (hintenrum) oder Stops (zum L\u00f6sen) problemlos reagieren und anhalten. Auch das minimale Ziehen an der Halterung schluckte das Federelement und ich konnte da problemlos fahren. Es erfolgten keine St\u00fcrze mehr und somit gab es auch keine Verletzungen bei Bruti oder mir. Somit kann ich prinzipiell f\u00fcr diese Variante nur positiv berichten.<\/p>\n\n\n\n<p><strong>Was w\u00fcrde ich heute vielleicht anders machen?<\/strong><br>Bei dem Prinzip einer letztlich festen Verbindung zwischen Fahrrad und Hund bleibe ich nachwievor. Warum? Auch wenn ich durch den Hund st\u00fcrzen k\u00f6nnte, habe ich aber die Gewissheit, dass mir der Hund nicht wegrennt und gegebenenfalls unter die R\u00e4der kommt. Leider sehe ich sehr oft Hundebesitzer mit lockerer Leine in der Hand am Lenkrad. Ich pers\u00f6nlich kriege dabei etwas Bauchschmerzen. Machen w\u00fcrde ich es vielleicht nur bei Hunden, die wirklich sehr gut gehorchen und neben dem Fahrrad laufen. Ideal finde ich die Verwendung einer Halterung in der Stadt und auf der Stra\u00dfe, wo viel Verkehr ist und ein Hund sich pl\u00f6tzlich erschrecken k\u00f6nnte o.\u00e4. und sich dann spontan vom Fahrrad entfernt und dann vielleicht noch ein Chaos anrichten k\u00f6nnte. Auf Feld- und Waldwegen (u.a., wo es ruhig zugeht) kann man seinen Hund je Gehorsam dann auch frei am Fahrrad laufen lassen je nach Trainingszustand.<br><br>Beim Hund empfehle ich ein entsprechendes Geschirr, denn je nach Temperament oder reiner Freude zieht der Hund beim Start ordentlich und die ganze Last von Fahrrad und Fahrer h\u00e4ngen dann am Hals, das ist wahrlich nicht gesund auf Dauer. Als Halterung w\u00fcrde ich eine Weiterentwicklung der oben genannten Halterung empfehlen (bspw. den <a rel=\"noreferrer noopener\" aria-label=\"Walky Dog Plus (\u00f6ffnet in neuem Tab)\" href=\"https:\/\/www.schecker.de\/walky-dog-plus-die-3-hand-am-fahrrad\" target=\"_blank\">Walky Dog Plus<\/a> oder eine <a rel=\"noreferrer noopener\" aria-label=\"Variante von Trixie (\u00f6ffnet in neuem Tab)\" href=\"https:\/\/www.trixie.de\/heimtierbedarf\/de\/shop\/Hund\/Unterwegs\/FahrradJoggen\/?card=10237\" target=\"_blank\">Variante von Trixie<\/a>), die von der Sattelstange auch waagerecht abgeht und daran ein &#8222;Leinenst\u00fcck&#8220; mit einem Federelement verbaut ist. Das erh\u00f6ht die h\u00f6here Variabilit\u00e4t der Montage an den heutzutage unterschiedlichsten Fahrradrahmen. <\/p>\n\n\n\n<p><strong>Wichtig dabei ist!<\/strong>\n<ul>\n<li>Nat\u00fcrlich lief auch Bruti nicht gleich &#8222;Beifu\u00df&#8220; neben dem Radel. Er war jedoch ein schlaues Kerlchen. Ich bin mit ihm zuerst immer normal Gassi gegangen, am besten eine gr\u00f6\u00dfere Runde, wo er sich auspowern konnte. Danach kam Bruti ans Radel (also damals zuerst an den St\u00fctzradwinkel) und ich habe dann das Radel einfach nur 500 Meter geschoben. Bruti lief &#8222;leider&#8220; ziemlich gescheit am Radel mit. Da brauchte es nur 5 (?) Eingew\u00f6hnungseinheiten. Dann probierte ich es mal auf gut Gl\u00fcck, wie es mit mir auf dem Radel klappt und Bruti hat gecheckt, was abgeht und los gings.<\/li>\n<li>Nat\u00fcrlich wird es nicht bei jedem Hund so schnell klappen, dass dieser sch\u00f6n nebenher l\u00e4uft. Da hilft nur Geduld und immer sch\u00f6n dran bleiben. Gerade wenn der Jagdtrieb stark ausgepr\u00e4gt ist und in Schach gehalten werden &#8222;muss&#8220; \ud83d\ude09<\/li>\n<li>Weiterhin ist ideal, dem Hund beizubringen, sich schon vorm Start zu &#8222;l\u00f6sen&#8220;, damit abruppte Stops wegen eintretender &#8222;Dringlichkeit&#8220; m\u00f6glichst vermieden werden. Nat\u00fcrlich w\u00e4re es ideal, wenn der Hund letztlich auch ohne Anleinung frei am Rad l\u00e4uft, aber das nur auf ruhigen Strecken!<\/li>\n<li>Nicht jeder Hund ist physisch zum (l\u00e4ngeren) Laufen am Rad geeignet.<\/li>\n<li>Weiterhin sollte das Wachstum des Hundes beachtet werden und die grobe Faustregel lautet, nicht vor dem ersten Lebensjahr damit zu beginnen.<\/li>\n<li><em><strong>Deswegen sollte individuell mit dem Tierarzt oder anderen Experten in Sachen Hund abgekl\u00e4rt werden, ab wann damit begonnen werden kann, um Folgesch\u00e4den am Bewegungsapparat von vornherein zu vermeiden!<\/strong><\/em><\/li>\n<li><em><strong>Weiterhin ist darauf zu achten, als Radler sich dem Tempo des Hundes anzupassen, so dass er sich nicht \u00fcberanstrengt!<\/strong><\/em><\/li>\n<li>Bei Kleinhunden wie Dackel, Yorki oder Chihuahua wird es wohl eher darauf hinauslaufen, diese im Lenkerk\u00f6rbchen oder hinten im Korb mitzunehmen. Hierbei sollten sie aber auch entsprechend daran gew\u00f6hnt werden, bevor es auf die erste richtige Runde geht!<\/li>\n<\/ul>\n","protected":false},"excerpt":{"rendered":"<p>Zun\u00e4chst band ich die Hundeleine an den Lenker, aber da hatte Bruti die M\u00f6glichkeit, st\u00e4ndig vorm Radel hin und her zu wechseln. Das ging so nicht! Ich fand zuf\u00e4llig die Winkel der St\u00fctzr\u00e4der. In Kombination mit einer etsprechend kurzen Kette als Verbindungsst\u00fcck zwischen Rad und Bruti erwies sich der zweckentfremdete St\u00fctzradwinkel als gar nicht so &hellip; <\/p>\n<p class=\"link-more\"><a href=\"https:\/\/www.niva-stammtisch.de\/?page_id=3554\" class=\"more-link\"><span class=\"screen-reader-text\">\u201eDer Hund direkt am Fahrrad\u201c <\/span>weiterlesen<\/a><\/p>\n","protected":false},"author":1,"featured_media":0,"parent":902,"menu_order":0,"comment_status":"closed","ping_status":"closed","template":"","meta":{"footnotes":""},"class_list":["post-3554","page","type-page","status-publish","hentry"],"_links":{"self":[{"href":"https:\/\/www.niva-stammtisch.de\/index.php?rest_route=\/wp\/v2\/pages\/3554","targetHints":{"allow":["GET"]}}],"collection":[{"href":"https:\/\/www.niva-stammtisch.de\/index.php?rest_route=\/wp\/v2\/pages"}],"about":[{"href":"https:\/\/www.niva-stammtisch.de\/index.php?rest_route=\/wp\/v2\/types\/page"}],"author":[{"embeddable":true,"href":"https:\/\/www.niva-stammtisch.de\/index.php?rest_route=\/wp\/v2\/users\/1"}],"replies":[{"embeddable":true,"href":"https:\/\/www.niva-stammtisch.de\/index.php?rest_route=%2Fwp%2Fv2%2Fcomments&post=3554"}],"version-history":[{"count":1,"href":"https:\/\/www.niva-stammtisch.de\/index.php?rest_route=\/wp\/v2\/pages\/3554\/revisions"}],"predecessor-version":[{"id":3555,"href":"https:\/\/www.niva-stammtisch.de\/index.php?rest_route=\/wp\/v2\/pages\/3554\/revisions\/3555"}],"up":[{"embeddable":true,"href":"https:\/\/www.niva-stammtisch.de\/index.php?rest_route=\/wp\/v2\/pages\/902"}],"wp:attachment":[{"href":"https:\/\/www.niva-stammtisch.de\/index.php?rest_route=%2Fwp%2Fv2%2Fmedia&parent=3554"}],"curies":[{"name":"wp","href":"https:\/\/api.w.org\/{rel}","templated":true}]}}