{"id":3550,"date":"2019-02-15T22:03:33","date_gmt":"2019-02-15T21:03:33","guid":{"rendered":"https:\/\/tamas-radelei.de\/?page_id=3550"},"modified":"2019-02-18T23:19:50","modified_gmt":"2019-02-18T22:19:50","slug":"tern-gsd","status":"publish","type":"page","link":"https:\/\/www.niva-stammtisch.de\/?page_id=3550","title":{"rendered":"Tern GSD"},"content":{"rendered":"\n<p>Im Jahre 2018 stie\u00df ich durch das Faltrad &#8222;Tern Node Di7&#8220; meiner Schwester auf das von Tern angebotene neue Kompaktlastenrad &#8222;Tern GSD&#8220; &#8211; naja, da ist zwar nur noch die Lenks\u00e4ule falt-\/klappbar, aber das Gesamtkonzept hat mich ebenso \u00fcberzeugt. Ich schwanke da aktuell sogar, ob dieses nicht mein neues Alltagsradel werden k\u00f6nnte, auch wenn es dieses nur als E-Bike-Version gibt \ud83d\ude09<\/p>\n\n\n\n<p><strong><em>Pro:<\/em><\/strong><\/p>\n\n\n\n<ul class=\"wp-block-list\"><li>gleiche Gesamtl\u00e4nge wie ein normales 26&#8243; Fahrrad (180 cm)<\/li><li>Zuladung von 180 &#8211; 200 kg (inkl. Fahrergewicht)<\/li><li>kann hochkant in den Fahrstuhl oder auch daheim abgestellt werden<\/li><li>durch Umklappen der Lenks\u00e4ule und der normalen Gesamtl\u00e4nge auch in Vans transportierbar<\/li><li>es k\u00f6nnen zwei Kindersitze ODER auch bis zu zwei Polstersitze montiert werden<\/li><li>Erweiterbarkeit des Transport durch zwei gro\u00dfe Taschen hinten oder von insgesamt bis zu 6 Fahrradtaschen (4 hinten und mittels Lowrider 2 vorn) oder die Nutzung eines Racks vorn (Grundfl\u00e4che 30 x 40 cm) und hinten (Grundfl\u00e4che 60 x 40 cm)<\/li><li>Nutzung und Montage \/ Anschluss von zwei Akkus und somit doppelte Reichweite (bis zu 250 km laut Hersteller) m\u00f6glich<\/li><\/ul>\n\n\n\n<p><strong><em>Contra:<\/em><\/strong><\/p>\n\n\n\n<ul class=\"wp-block-list\"><li>auf ersten Blick relativ teuer (aber auch nicht viel teurer als ein gutes E-MTB)<\/li><li>Zubeh\u00f6r relativ teuer<\/li><li>nur als E-Bike Version erh\u00e4ltlich<\/li><li>Vermutung liegt nahe, dass hinten am Rahmen nur Ortliebtaschen mit den zus\u00e4tzlich erh\u00e4ltlichen 20 mm Haken angebracht werden k\u00f6nnen wie beim normalen massiven Gep\u00e4cktr\u00e4ger am Tern Node Di7 meiner Schwester<\/li><li>derzeit nur die einen Kindersitze von Thule kompatibel<\/li><li>wohl nur in 3 Farben erh\u00e4ltlich \ud83d\ude09<\/li><\/ul>\n\n\n\n<p><strong><em>Links <\/em><\/strong><em>(extern)<\/em><\/p>\n\n\n\n<p><a rel=\"noreferrer noopener\" aria-label=\"Herstellerseite  Deutschland (\u00f6ffnet in neuem Tab)\" href=\"https:\/\/www.ternbicycles.com\/de\/bikes\/gsd\" target=\"_blank\">Herstellerseite  Deutschland<\/a><\/p>\n\n\n\n<p><\/p>\n","protected":false},"excerpt":{"rendered":"<p>Im Jahre 2018 stie\u00df ich durch das Faltrad &#8222;Tern Node Di7&#8220; meiner Schwester auf das von Tern angebotene neue Kompaktlastenrad &#8222;Tern GSD&#8220; &#8211; naja, da ist zwar nur noch die Lenks\u00e4ule falt-\/klappbar, aber das Gesamtkonzept hat mich ebenso \u00fcberzeugt. Ich schwanke da aktuell sogar, ob dieses nicht mein neues Alltagsradel werden k\u00f6nnte, auch wenn es &hellip; <\/p>\n<p class=\"link-more\"><a href=\"https:\/\/www.niva-stammtisch.de\/?page_id=3550\" class=\"more-link\"><span class=\"screen-reader-text\">\u201eTern GSD\u201c <\/span>weiterlesen<\/a><\/p>\n","protected":false},"author":1,"featured_media":0,"parent":836,"menu_order":0,"comment_status":"closed","ping_status":"closed","template":"","meta":{"footnotes":""},"class_list":["post-3550","page","type-page","status-publish","hentry"],"_links":{"self":[{"href":"https:\/\/www.niva-stammtisch.de\/index.php?rest_route=\/wp\/v2\/pages\/3550","targetHints":{"allow":["GET"]}}],"collection":[{"href":"https:\/\/www.niva-stammtisch.de\/index.php?rest_route=\/wp\/v2\/pages"}],"about":[{"href":"https:\/\/www.niva-stammtisch.de\/index.php?rest_route=\/wp\/v2\/types\/page"}],"author":[{"embeddable":true,"href":"https:\/\/www.niva-stammtisch.de\/index.php?rest_route=\/wp\/v2\/users\/1"}],"replies":[{"embeddable":true,"href":"https:\/\/www.niva-stammtisch.de\/index.php?rest_route=%2Fwp%2Fv2%2Fcomments&post=3550"}],"version-history":[{"count":4,"href":"https:\/\/www.niva-stammtisch.de\/index.php?rest_route=\/wp\/v2\/pages\/3550\/revisions"}],"predecessor-version":[{"id":3621,"href":"https:\/\/www.niva-stammtisch.de\/index.php?rest_route=\/wp\/v2\/pages\/3550\/revisions\/3621"}],"up":[{"embeddable":true,"href":"https:\/\/www.niva-stammtisch.de\/index.php?rest_route=\/wp\/v2\/pages\/836"}],"wp:attachment":[{"href":"https:\/\/www.niva-stammtisch.de\/index.php?rest_route=%2Fwp%2Fv2%2Fmedia&parent=3550"}],"curies":[{"name":"wp","href":"https:\/\/api.w.org\/{rel}","templated":true}]}}

<p>Im Jahre 2018 stieß ich durch das Faltrad &#8222;Tern Node Di7&#8220; meiner Schwester auf das von Tern angebotene neue Kompaktlastenrad &#8222;Tern GSD&#8220; &#8211; naja, da ist zwar nur noch die Lenksäule falt-/klappbar, aber das Gesamtkonzept hat mich ebenso überzeugt. Ich schwanke da aktuell sogar, ob dieses nicht mein neues Alltagsradel werden könnte, auch wenn es dieses nur als E-Bike-Version gibt 😉</p>



<p><strong><em>Pro:</em></strong></p>



<ul class="wp-block-list"><li>gleiche Gesamtlänge wie ein normales 26&#8243; Fahrrad (180 cm)</li><li>Zuladung von 180 &#8211; 200 kg (inkl. Fahrergewicht)</li><li>kann hochkant in den Fahrstuhl oder auch daheim abgestellt werden</li><li>durch Umklappen der Lenksäule und der normalen Gesamtlänge auch in Vans transportierbar</li><li>es können zwei Kindersitze ODER auch bis zu zwei Polstersitze montiert werden</li><li>Erweiterbarkeit des Transport durch zwei große Taschen hinten oder von insgesamt bis zu 6 Fahrradtaschen (4 hinten und mittels Lowrider 2 vorn) oder die Nutzung eines Racks vorn (Grundfläche 30 x 40 cm) und hinten (Grundfläche 60 x 40 cm)</li><li>Nutzung und Montage / Anschluss von zwei Akkus und somit doppelte Reichweite (bis zu 250 km laut Hersteller) möglich</li></ul>



<p><strong><em>Contra:</em></strong></p>



<ul class="wp-block-list"><li>auf ersten Blick relativ teuer (aber auch nicht viel teurer als ein gutes E-MTB)</li><li>Zubehör relativ teuer</li><li>nur als E-Bike Version erhältlich</li><li>Vermutung liegt nahe, dass hinten am Rahmen nur Ortliebtaschen mit den zusätzlich erhältlichen 20 mm Haken angebracht werden können wie beim normalen massiven Gepäckträger am Tern Node Di7 meiner Schwester</li><li>derzeit nur die einen Kindersitze von Thule kompatibel</li><li>wohl nur in 3 Farben erhältlich 😉</li></ul>



<p><strong><em>Links </em></strong><em>(extern)</em></p>



<p><a rel="noreferrer noopener" aria-label="Herstellerseite  Deutschland (öffnet in neuem Tab)" href="https://www.ternbicycles.com/de/bikes/gsd" target="_blank">Herstellerseite  Deutschland</a></p>



<p></p>

<p>Im Jahre 2018 stieß ich durch das Faltrad &#8222;Tern Node Di7&#8220; meiner Schwester auf das von Tern angebotene neue Kompaktlastenrad &#8222;Tern GSD&#8220; &#8211; naja, da ist zwar nur noch die Lenksäule falt-/klappbar, aber das Gesamtkonzept hat mich ebenso überzeugt. Ich schwanke da aktuell sogar, ob dieses nicht mein neues Alltagsradel werden könnte, auch wenn es &hellip; </p>
<p class="link-more"><a href="https://www.niva-stammtisch.de/?page_id=3550" class="more-link"><span class="screen-reader-text">„Tern GSD“ </span>weiterlesen</a></p>
