{"id":3546,"date":"2019-02-15T21:56:13","date_gmt":"2019-02-15T20:56:13","guid":{"rendered":"https:\/\/tamas-radelei.de\/?page_id=3546"},"modified":"2019-03-16T15:23:14","modified_gmt":"2019-03-16T14:23:14","slug":"mcs-truck","status":"publish","type":"page","link":"https:\/\/www.niva-stammtisch.de\/?page_id=3546","title":{"rendered":"MCS Truck"},"content":{"rendered":"\n<ul class=\"wp-block-gallery columns-1 is-cropped wp-block-gallery-1 is-layout-flex wp-block-gallery-is-layout-flex\"><li class=\"blocks-gallery-item\"><figure><a href=\"https:\/\/www.niva-stammtisch.de\/wp-content\/uploads\/IMG_20160404_104422994-1200x675.jpg\" rel=\"lightbox[3546]\"><img loading=\"lazy\" decoding=\"async\" width=\"1200\" height=\"675\" src=\"https:\/\/www.niva-stammtisch.de\/wp-content\/uploads\/IMG_20160404_104422994-1200x675.jpg\" alt=\"\" data-id=\"2910\" data-link=\"https:\/\/www.niva-stammtisch.de\/?attachment_id=2910\" class=\"wp-image-2910\" srcset=\"https:\/\/www.niva-stammtisch.de\/wp-content\/uploads\/IMG_20160404_104422994.jpg 1200w, https:\/\/www.niva-stammtisch.de\/wp-content\/uploads\/IMG_20160404_104422994-600x338.jpg 600w, https:\/\/www.niva-stammtisch.de\/wp-content\/uploads\/IMG_20160404_104422994-768x432.jpg 768w\" sizes=\"auto, (max-width: 767px) 89vw, (max-width: 1000px) 54vw, (max-width: 1071px) 543px, 580px\" \/><\/a><figcaption>Der Truck von&#8230;<\/figcaption><\/figure><\/li><li class=\"blocks-gallery-item\"><figure><a href=\"https:\/\/www.niva-stammtisch.de\/wp-content\/uploads\/IMG_20160404_101744578-1200x675.jpg\" rel=\"lightbox[3546]\"><img loading=\"lazy\" decoding=\"async\" width=\"1200\" height=\"675\" src=\"https:\/\/www.niva-stammtisch.de\/wp-content\/uploads\/IMG_20160404_101744578-1200x675.jpg\" alt=\"\" data-id=\"2916\" data-link=\"https:\/\/www.niva-stammtisch.de\/?attachment_id=2916\" class=\"wp-image-2916\" srcset=\"https:\/\/www.niva-stammtisch.de\/wp-content\/uploads\/IMG_20160404_101744578.jpg 1200w, https:\/\/www.niva-stammtisch.de\/wp-content\/uploads\/IMG_20160404_101744578-600x338.jpg 600w, https:\/\/www.niva-stammtisch.de\/wp-content\/uploads\/IMG_20160404_101744578-768x432.jpg 768w\" sizes=\"auto, (max-width: 767px) 89vw, (max-width: 1000px) 54vw, (max-width: 1071px) 543px, 580px\" \/><\/a><figcaption>&#8230;meinem Bekannten in vollem&#8230;<\/figcaption><\/figure><\/li><li class=\"blocks-gallery-item\"><figure><a href=\"https:\/\/www.niva-stammtisch.de\/wp-content\/uploads\/IMG_20160404_101757719-1200x675.jpg\" rel=\"lightbox[3546]\"><img loading=\"lazy\" decoding=\"async\" width=\"1200\" height=\"675\" src=\"https:\/\/www.niva-stammtisch.de\/wp-content\/uploads\/IMG_20160404_101757719-1200x675.jpg\" alt=\"\" data-id=\"2909\" data-link=\"https:\/\/www.niva-stammtisch.de\/?attachment_id=2909\" class=\"wp-image-2909\" srcset=\"https:\/\/www.niva-stammtisch.de\/wp-content\/uploads\/IMG_20160404_101757719.jpg 1200w, https:\/\/www.niva-stammtisch.de\/wp-content\/uploads\/IMG_20160404_101757719-600x338.jpg 600w, https:\/\/www.niva-stammtisch.de\/wp-content\/uploads\/IMG_20160404_101757719-768x432.jpg 768w\" sizes=\"auto, (max-width: 767px) 89vw, (max-width: 1000px) 54vw, (max-width: 1071px) 543px, 580px\" \/><\/a><figcaption>&#8230;Transporteinsatz!<\/figcaption><\/figure><\/li><\/ul>\n\n\n\n<p>Ich selber habe mich zuerst in das Modell &#8222;Maderna Truck&#8220; verliebt, welches im Besitz eines Bekannten ist. Einmal f\u00e4llt es durch die grelle Farbe auf, zum anderen durch das lange Heck, wo doch die meisten Lastenr\u00e4der eher vorn die Ladefl\u00e4che haben. Doch als Kombifahrer mit notfalls Anh\u00e4nger hinten dran, gef\u00e4llt mir diese Konstruktion doch sehr gut. Und wenn man bedenkt, dass die Ladefl\u00e4che in der XXL-Version eine halbe Europalette bereith\u00e4lt &#8211; l\u00e4sst sich so manches gr\u00f6\u00dfere oder gar sperrige Gut problemlos damit transportieren. Zweimal durfte ich dabei das &#8222;Safety-Bike&#8220; spielen und bin hinter dem Truck gefahren. Einmal wurden zwei B\u00fccherregale und einmal Plasteboxen (4mal 30x40x30 cm Boxen und 5mal 60x40x30 cm Boxen) problemlos vom Baumarkt bis zum jeweiligen Ziel in der Stadt transportiert. Auch kam mir schnell der Gedanke, dass man dieses Rad auch ideal als Reiserad nutzen k\u00f6nnte, indem man auf die Transportfl\u00e4che eine abschlie\u00dfbare Alubox drauf setzt, in der dann die ganzen Reiseutensilien und Bekleidung sicher verstaut werden k\u00f6nnen und man problemlos einkaufen oder Museum etc. besuchen kann. Keine Sorgen, dass jemand einem die klassischen Fahrradtaschen klaut \ud83d\ude42<\/p>\n\n\n\n<ul class=\"wp-block-gallery columns-1 is-cropped wp-block-gallery-2 is-layout-flex wp-block-gallery-is-layout-flex\"><li class=\"blocks-gallery-item\"><figure><a href=\"https:\/\/www.niva-stammtisch.de\/wp-content\/uploads\/DSC_0415-1200x795.jpg\" rel=\"lightbox[3546]\"><img loading=\"lazy\" decoding=\"async\" width=\"1200\" height=\"795\" src=\"https:\/\/www.niva-stammtisch.de\/wp-content\/uploads\/DSC_0415-1200x795.jpg\" alt=\"\" data-id=\"2927\" data-link=\"https:\/\/www.niva-stammtisch.de\/?attachment_id=2927\" class=\"wp-image-2927\" srcset=\"https:\/\/www.niva-stammtisch.de\/wp-content\/uploads\/DSC_0415.jpg 1200w, https:\/\/www.niva-stammtisch.de\/wp-content\/uploads\/DSC_0415-600x398.jpg 600w, https:\/\/www.niva-stammtisch.de\/wp-content\/uploads\/DSC_0415-768x509.jpg 768w\" sizes=\"auto, (max-width: 767px) 89vw, (max-width: 1000px) 54vw, (max-width: 1071px) 543px, 580px\" \/><\/a><figcaption>Hier ein Vertreter direkt&#8230;<\/figcaption><\/figure><\/li><li class=\"blocks-gallery-item\"><figure><a href=\"https:\/\/www.niva-stammtisch.de\/wp-content\/uploads\/DSC_0414-1200x795.jpg\" rel=\"lightbox[3546]\"><img loading=\"lazy\" decoding=\"async\" width=\"1200\" height=\"795\" src=\"https:\/\/www.niva-stammtisch.de\/wp-content\/uploads\/DSC_0414-1200x795.jpg\" alt=\"\" data-id=\"2926\" data-link=\"https:\/\/www.niva-stammtisch.de\/?attachment_id=2926\" class=\"wp-image-2926\" srcset=\"https:\/\/www.niva-stammtisch.de\/wp-content\/uploads\/DSC_0414.jpg 1200w, https:\/\/www.niva-stammtisch.de\/wp-content\/uploads\/DSC_0414-600x398.jpg 600w, https:\/\/www.niva-stammtisch.de\/wp-content\/uploads\/DSC_0414-768x509.jpg 768w\" sizes=\"auto, (max-width: 767px) 89vw, (max-width: 1000px) 54vw, (max-width: 1071px) 543px, 580px\" \/><\/a><figcaption>&#8230;in Wien inkl. Box und&#8230;<\/figcaption><\/figure><\/li><li class=\"blocks-gallery-item\"><figure><a href=\"https:\/\/www.niva-stammtisch.de\/wp-content\/uploads\/DSC_0413-1200x795.jpg\" rel=\"lightbox[3546]\"><img loading=\"lazy\" decoding=\"async\" width=\"1200\" height=\"795\" src=\"https:\/\/www.niva-stammtisch.de\/wp-content\/uploads\/DSC_0413-1200x795.jpg\" alt=\"\" data-id=\"2925\" data-link=\"https:\/\/www.niva-stammtisch.de\/?attachment_id=2925\" class=\"wp-image-2925\" srcset=\"https:\/\/www.niva-stammtisch.de\/wp-content\/uploads\/DSC_0413.jpg 1200w, https:\/\/www.niva-stammtisch.de\/wp-content\/uploads\/DSC_0413-600x398.jpg 600w, https:\/\/www.niva-stammtisch.de\/wp-content\/uploads\/DSC_0413-768x509.jpg 768w\" sizes=\"auto, (max-width: 767px) 89vw, (max-width: 1000px) 54vw, (max-width: 1071px) 543px, 580px\" \/><\/a><figcaption>&#8230;Werbung vom Vertrieb!<\/figcaption><\/figure><\/li><\/ul>\n\n\n\n<p><strong><em>Pro:<\/em><\/strong><\/p>\n\n\n\n<ul class=\"wp-block-list\"><li>Hingucker<\/li><li>gro\u00dfe \/ sperrige und &#8222;schwere&#8220; Ladungen transportierbar (M\u00e4nnertag und Grillabend tauglich) <\/li><li>Umfunktionierung (Alukiste hinten drauf) zum Reiserad m\u00f6glich (meines Erachtens)<\/li><li>sowohl als reines Lastenrad als auch als E-Bike-Lastenrad erh\u00e4ltlich<\/li><li>man kommt mit dem Transportgut bis zur Haust\u00fcre<\/li><\/ul>\n\n\n\n<p><strong><em>Contra:<\/em><\/strong><\/p>\n\n\n\n<ul class=\"wp-block-list\"><li>aufgrund der L\u00e4nge schlechte Mitnahme in Z\u00fcgen, mitunter kein Durchkommen bei Durchlaufschranken \/ -gittern bei Bahn\u00fcberg\u00e4ngen oder Spielpl\u00e4tzen \/ Parkzug\u00e4ngen<\/li><li>mit ab 28 kg Eigengewicht nicht gerade leicht<\/li><li>Fahren mit schwerer Last zun\u00e4chst gew\u00f6hnungsbed\u00fcrftig<\/li><li>braucht man fast eine &#8222;Garage&#8220; zum Unterstellen \ud83d\ude09<\/li><\/ul>\n\n\n\n<p><strong><em>Links<\/em><\/strong><em>&nbsp;(extern)<\/em><\/p>\n\n\n\n<ul class=\"wp-block-list\"><li><a rel=\"noreferrer noopener\" href=\"http:\/\/mcsbike.com\/truck\/\" target=\"_blank\">Herstellerseite<\/a><\/li><li><a rel=\"noreferrer noopener\" href=\"http:\/\/www.2-pedals.org\/HTML\/Unterseiten\/Truck_Geschichte.htm\" target=\"_blank\">Private geschichtliche Zusammenfassung der Entwicklung des Trucks<\/a><\/li><\/ul>\n","protected":false},"excerpt":{"rendered":"<p>Ich selber habe mich zuerst in das Modell &#8222;Maderna Truck&#8220; verliebt, welches im Besitz eines Bekannten ist. Einmal f\u00e4llt es durch die grelle Farbe auf, zum anderen durch das lange Heck, wo doch die meisten Lastenr\u00e4der eher vorn die Ladefl\u00e4che haben. Doch als Kombifahrer mit notfalls Anh\u00e4nger hinten dran, gef\u00e4llt mir diese Konstruktion doch sehr &hellip; <\/p>\n<p class=\"link-more\"><a href=\"https:\/\/www.niva-stammtisch.de\/?page_id=3546\" class=\"more-link\"><span class=\"screen-reader-text\">\u201eMCS Truck\u201c <\/span>weiterlesen<\/a><\/p>\n","protected":false},"author":1,"featured_media":0,"parent":836,"menu_order":0,"comment_status":"closed","ping_status":"closed","template":"","meta":{"footnotes":""},"class_list":["post-3546","page","type-page","status-publish","hentry"],"_links":{"self":[{"href":"https:\/\/www.niva-stammtisch.de\/index.php?rest_route=\/wp\/v2\/pages\/3546","targetHints":{"allow":["GET"]}}],"collection":[{"href":"https:\/\/www.niva-stammtisch.de\/index.php?rest_route=\/wp\/v2\/pages"}],"about":[{"href":"https:\/\/www.niva-stammtisch.de\/index.php?rest_route=\/wp\/v2\/types\/page"}],"author":[{"embeddable":true,"href":"https:\/\/www.niva-stammtisch.de\/index.php?rest_route=\/wp\/v2\/users\/1"}],"replies":[{"embeddable":true,"href":"https:\/\/www.niva-stammtisch.de\/index.php?rest_route=%2Fwp%2Fv2%2Fcomments&post=3546"}],"version-history":[{"count":2,"href":"https:\/\/www.niva-stammtisch.de\/index.php?rest_route=\/wp\/v2\/pages\/3546\/revisions"}],"predecessor-version":[{"id":4535,"href":"https:\/\/www.niva-stammtisch.de\/index.php?rest_route=\/wp\/v2\/pages\/3546\/revisions\/4535"}],"up":[{"embeddable":true,"href":"https:\/\/www.niva-stammtisch.de\/index.php?rest_route=\/wp\/v2\/pages\/836"}],"wp:attachment":[{"href":"https:\/\/www.niva-stammtisch.de\/index.php?rest_route=%2Fwp%2Fv2%2Fmedia&parent=3546"}],"curies":[{"name":"wp","href":"https:\/\/api.w.org\/{rel}","templated":true}]}}

<ul class="wp-block-gallery columns-1 is-cropped wp-block-gallery-1 is-layout-flex wp-block-gallery-is-layout-flex"><li class="blocks-gallery-item"><figure><a href="https://www.niva-stammtisch.de/wp-content/uploads/IMG_20160404_104422994-1200x675.jpg" rel="lightbox[3546]"><img loading="lazy" decoding="async" width="1200" height="675" src="https://www.niva-stammtisch.de/wp-content/uploads/IMG_20160404_104422994-1200x675.jpg" alt="" data-id="2910" data-link="https://www.niva-stammtisch.de/?attachment_id=2910" class="wp-image-2910" srcset="https://www.niva-stammtisch.de/wp-content/uploads/IMG_20160404_104422994.jpg 1200w, https://www.niva-stammtisch.de/wp-content/uploads/IMG_20160404_104422994-600x338.jpg 600w, https://www.niva-stammtisch.de/wp-content/uploads/IMG_20160404_104422994-768x432.jpg 768w" sizes="auto, (max-width: 767px) 89vw, (max-width: 1000px) 54vw, (max-width: 1071px) 543px, 580px" /></a><figcaption>Der Truck von&#8230;</figcaption></figure></li><li class="blocks-gallery-item"><figure><a href="https://www.niva-stammtisch.de/wp-content/uploads/IMG_20160404_101744578-1200x675.jpg" rel="lightbox[3546]"><img loading="lazy" decoding="async" width="1200" height="675" src="https://www.niva-stammtisch.de/wp-content/uploads/IMG_20160404_101744578-1200x675.jpg" alt="" data-id="2916" data-link="https://www.niva-stammtisch.de/?attachment_id=2916" class="wp-image-2916" srcset="https://www.niva-stammtisch.de/wp-content/uploads/IMG_20160404_101744578.jpg 1200w, https://www.niva-stammtisch.de/wp-content/uploads/IMG_20160404_101744578-600x338.jpg 600w, https://www.niva-stammtisch.de/wp-content/uploads/IMG_20160404_101744578-768x432.jpg 768w" sizes="auto, (max-width: 767px) 89vw, (max-width: 1000px) 54vw, (max-width: 1071px) 543px, 580px" /></a><figcaption>&#8230;meinem Bekannten in vollem&#8230;</figcaption></figure></li><li class="blocks-gallery-item"><figure><a href="https://www.niva-stammtisch.de/wp-content/uploads/IMG_20160404_101757719-1200x675.jpg" rel="lightbox[3546]"><img loading="lazy" decoding="async" width="1200" height="675" src="https://www.niva-stammtisch.de/wp-content/uploads/IMG_20160404_101757719-1200x675.jpg" alt="" data-id="2909" data-link="https://www.niva-stammtisch.de/?attachment_id=2909" class="wp-image-2909" srcset="https://www.niva-stammtisch.de/wp-content/uploads/IMG_20160404_101757719.jpg 1200w, https://www.niva-stammtisch.de/wp-content/uploads/IMG_20160404_101757719-600x338.jpg 600w, https://www.niva-stammtisch.de/wp-content/uploads/IMG_20160404_101757719-768x432.jpg 768w" sizes="auto, (max-width: 767px) 89vw, (max-width: 1000px) 54vw, (max-width: 1071px) 543px, 580px" /></a><figcaption>&#8230;Transporteinsatz!</figcaption></figure></li></ul>



<p>Ich selber habe mich zuerst in das Modell &#8222;Maderna Truck&#8220; verliebt, welches im Besitz eines Bekannten ist. Einmal fällt es durch die grelle Farbe auf, zum anderen durch das lange Heck, wo doch die meisten Lastenräder eher vorn die Ladefläche haben. Doch als Kombifahrer mit notfalls Anhänger hinten dran, gefällt mir diese Konstruktion doch sehr gut. Und wenn man bedenkt, dass die Ladefläche in der XXL-Version eine halbe Europalette bereithält &#8211; lässt sich so manches größere oder gar sperrige Gut problemlos damit transportieren. Zweimal durfte ich dabei das &#8222;Safety-Bike&#8220; spielen und bin hinter dem Truck gefahren. Einmal wurden zwei Bücherregale und einmal Plasteboxen (4mal 30x40x30 cm Boxen und 5mal 60x40x30 cm Boxen) problemlos vom Baumarkt bis zum jeweiligen Ziel in der Stadt transportiert. Auch kam mir schnell der Gedanke, dass man dieses Rad auch ideal als Reiserad nutzen könnte, indem man auf die Transportfläche eine abschließbare Alubox drauf setzt, in der dann die ganzen Reiseutensilien und Bekleidung sicher verstaut werden können und man problemlos einkaufen oder Museum etc. besuchen kann. Keine Sorgen, dass jemand einem die klassischen Fahrradtaschen klaut 🙂</p>



<ul class="wp-block-gallery columns-1 is-cropped wp-block-gallery-2 is-layout-flex wp-block-gallery-is-layout-flex"><li class="blocks-gallery-item"><figure><a href="https://www.niva-stammtisch.de/wp-content/uploads/DSC_0415-1200x795.jpg" rel="lightbox[3546]"><img loading="lazy" decoding="async" width="1200" height="795" src="https://www.niva-stammtisch.de/wp-content/uploads/DSC_0415-1200x795.jpg" alt="" data-id="2927" data-link="https://www.niva-stammtisch.de/?attachment_id=2927" class="wp-image-2927" srcset="https://www.niva-stammtisch.de/wp-content/uploads/DSC_0415.jpg 1200w, https://www.niva-stammtisch.de/wp-content/uploads/DSC_0415-600x398.jpg 600w, https://www.niva-stammtisch.de/wp-content/uploads/DSC_0415-768x509.jpg 768w" sizes="auto, (max-width: 767px) 89vw, (max-width: 1000px) 54vw, (max-width: 1071px) 543px, 580px" /></a><figcaption>Hier ein Vertreter direkt&#8230;</figcaption></figure></li><li class="blocks-gallery-item"><figure><a href="https://www.niva-stammtisch.de/wp-content/uploads/DSC_0414-1200x795.jpg" rel="lightbox[3546]"><img loading="lazy" decoding="async" width="1200" height="795" src="https://www.niva-stammtisch.de/wp-content/uploads/DSC_0414-1200x795.jpg" alt="" data-id="2926" data-link="https://www.niva-stammtisch.de/?attachment_id=2926" class="wp-image-2926" srcset="https://www.niva-stammtisch.de/wp-content/uploads/DSC_0414.jpg 1200w, https://www.niva-stammtisch.de/wp-content/uploads/DSC_0414-600x398.jpg 600w, https://www.niva-stammtisch.de/wp-content/uploads/DSC_0414-768x509.jpg 768w" sizes="auto, (max-width: 767px) 89vw, (max-width: 1000px) 54vw, (max-width: 1071px) 543px, 580px" /></a><figcaption>&#8230;in Wien inkl. Box und&#8230;</figcaption></figure></li><li class="blocks-gallery-item"><figure><a href="https://www.niva-stammtisch.de/wp-content/uploads/DSC_0413-1200x795.jpg" rel="lightbox[3546]"><img loading="lazy" decoding="async" width="1200" height="795" src="https://www.niva-stammtisch.de/wp-content/uploads/DSC_0413-1200x795.jpg" alt="" data-id="2925" data-link="https://www.niva-stammtisch.de/?attachment_id=2925" class="wp-image-2925" srcset="https://www.niva-stammtisch.de/wp-content/uploads/DSC_0413.jpg 1200w, https://www.niva-stammtisch.de/wp-content/uploads/DSC_0413-600x398.jpg 600w, https://www.niva-stammtisch.de/wp-content/uploads/DSC_0413-768x509.jpg 768w" sizes="auto, (max-width: 767px) 89vw, (max-width: 1000px) 54vw, (max-width: 1071px) 543px, 580px" /></a><figcaption>&#8230;Werbung vom Vertrieb!</figcaption></figure></li></ul>



<p><strong><em>Pro:</em></strong></p>



<ul class="wp-block-list"><li>Hingucker</li><li>große / sperrige und &#8222;schwere&#8220; Ladungen transportierbar (Männertag und Grillabend tauglich) </li><li>Umfunktionierung (Alukiste hinten drauf) zum Reiserad möglich (meines Erachtens)</li><li>sowohl als reines Lastenrad als auch als E-Bike-Lastenrad erhältlich</li><li>man kommt mit dem Transportgut bis zur Haustüre</li></ul>



<p><strong><em>Contra:</em></strong></p>



<ul class="wp-block-list"><li>aufgrund der Länge schlechte Mitnahme in Zügen, mitunter kein Durchkommen bei Durchlaufschranken / -gittern bei Bahnübergängen oder Spielplätzen / Parkzugängen</li><li>mit ab 28 kg Eigengewicht nicht gerade leicht</li><li>Fahren mit schwerer Last zunächst gewöhnungsbedürftig</li><li>braucht man fast eine &#8222;Garage&#8220; zum Unterstellen 😉</li></ul>



<p><strong><em>Links</em></strong><em>&nbsp;(extern)</em></p>



<ul class="wp-block-list"><li><a rel="noreferrer noopener" href="http://mcsbike.com/truck/" target="_blank">Herstellerseite</a></li><li><a rel="noreferrer noopener" href="http://www.2-pedals.org/HTML/Unterseiten/Truck_Geschichte.htm" target="_blank">Private geschichtliche Zusammenfassung der Entwicklung des Trucks</a></li></ul>

<p>Ich selber habe mich zuerst in das Modell &#8222;Maderna Truck&#8220; verliebt, welches im Besitz eines Bekannten ist. Einmal fällt es durch die grelle Farbe auf, zum anderen durch das lange Heck, wo doch die meisten Lastenräder eher vorn die Ladefläche haben. Doch als Kombifahrer mit notfalls Anhänger hinten dran, gefällt mir diese Konstruktion doch sehr &hellip; </p>
<p class="link-more"><a href="https://www.niva-stammtisch.de/?page_id=3546" class="more-link"><span class="screen-reader-text">„MCS Truck“ </span>weiterlesen</a></p>
